NOAA-Style Climate Reports
Select a Year or Month report
2024: Jan Feb Mar Apr May Jun Jul Aug Sep Oct Nov Dec
2023: Jan Feb Mar Apr May Jun Jul Aug Sep Oct Nov Dec
2022: Jan Feb Mar Apr May Jun Jul Aug Sep Oct Nov Dec
2021: Jan Feb Mar Apr May Jun Jul Aug Sep Oct Nov Dec
2020: Jan Feb Mar Apr May Jun Jul Aug Sep Oct Nov Dec
2019: Jan Feb Mar Apr May Jun Jul Aug Sep Oct Nov Dec
2018: Jan Feb Mar Apr May Jun Jul Aug Sep Oct Nov Dec
2017: Jan Feb Mar Apr May Jun Jul Aug Sep Oct Nov Dec
2016: Jan Feb Mar Apr May Jun Jul Aug Sep Oct Nov Dec
2015: Jan Feb Mar Apr May Jun Jul Aug Sep Oct Nov Dec
2014: Jan Feb Mar Apr May Jun Jul Aug Sep Oct Nov Dec
2024: Jan Feb Mar Apr May Jun Jul Aug Sep Oct Nov Dec
2023: Jan Feb Mar Apr May Jun Jul Aug Sep Oct Nov Dec
2022: Jan Feb Mar Apr May Jun Jul Aug Sep Oct Nov Dec
2021: Jan Feb Mar Apr May Jun Jul Aug Sep Oct Nov Dec
2020: Jan Feb Mar Apr May Jun Jul Aug Sep Oct Nov Dec
2019: Jan Feb Mar Apr May Jun Jul Aug Sep Oct Nov Dec
2018: Jan Feb Mar Apr May Jun Jul Aug Sep Oct Nov Dec
2017: Jan Feb Mar Apr May Jun Jul Aug Sep Oct Nov Dec
2016: Jan Feb Mar Apr May Jun Jul Aug Sep Oct Nov Dec
2015: Jan Feb Mar Apr May Jun Jul Aug Sep Oct Nov Dec
2014: Jan Feb Mar Apr May Jun Jul Aug Sep Oct Nov Dec
Report for 2021 February
Monthly Climatological Summary for Feb 2021 Name: KCACAMAR4 City: Camarillo State: California USA Elevation: 174 ft Lat: N 34° 13' 51" Lon: W 119° 01' 47" Temperature (°F), Rain (in), Wind Speed (mph) Heat Cool Avg Mean Deg Deg Wind Dom Day Temp High Time Low Time Days Days Rain Speed High Time Dir ---------------------------------------------------------------------------------- 01 60.7 72.8 12:57 50.6 22:48 5.3 1.0 0.00 2.2 14.0 13:32 SE 02 55.8 67.6 12:02 45.8 06:50 9.4 0.2 0.00 1.8 13.0 14:53 SW 03 54.1 68.4 13:49 43.4 04:23 11.2 0.3 0.00 2.3 14.0 12:00 S 04 52.8 71.8 13:07 39.5 05:06 12.8 0.6 0.00 3.2 25.0 12:21 E 05 53.8 70.9 12:23 39.5 03:31 12.2 1.0 0.00 2.3 13.0 13:58 S 06 55.1 71.5 14:08 40.6 07:26 11.0 1.1 0.00 2.7 11.0 23:24 ESE 07 54.0 70.3 11:38 41.0 07:17 11.4 0.4 0.00 2.4 16.0 13:50 W 08 51.9 62.2 13:28 47.1 08:05 13.1 0.0 0.00 2.1 14.0 14:47 WSW 09 54.2 61.9 12:52 47.3 06:20 10.7 0.0 0.00 1.8 12.0 15:41 WSW 10 53.0 65.4 12:20 42.4 06:38 12.0 0.0 0.00 1.8 14.0 12:34 SW 11 54.3 66.1 14:19 44.8 06:20 10.7 0.0 0.00 2.7 16.0 14:16 SSE 12 57.3 69.5 15:35 48.2 23:56 8.2 0.5 0.01 2.9 17.0 15:00 W 13 55.2 67.5 15:13 45.0 07:24 10.0 0.2 0.00 4.2 23.0 16:23 W 14 53.8 67.3 15:09 39.2 07:02 11.4 0.2 0.00 2.1 13.0 12:26 SW 15 53.6 66.2 13:33 41.9 03:40 11.4 0.0 0.00 2.5 13.0 14:04 S 16 55.2 69.0 13:07 44.4 05:35 10.4 0.5 0.00 2.6 15.0 13:16 ESE 17 53.7 69.5 14:19 37.8 07:10 11.8 0.5 0.00 2.4 14.0 11:43 S 18 58.2 73.3 14:35 44.7 00:11 8.1 1.3 0.00 6.0 28.0 09:28 ENE 19 54.9 69.9 15:27 41.1 06:22 11.0 1.0 0.00 2.9 14.0 13:01 ESE 20 54.7 72.5 14:33 40.5 04:59 11.3 1.0 0.00 2.7 20.0 14:53 SE 21 60.3 77.0 14:40 46.4 00:28 7.2 2.6 0.00 6.3 34.0 11:03 ENE 22 67.0 83.2 15:42 47.9 23:59 3.1 5.1 0.00 6.8 30.0 11:18 E 23 61.2 83.9 11:13 45.9 06:28 7.2 3.4 0.00 3.0 16.0 14:09 SE 24 57.7 72.9 11:49 44.9 06:14 8.6 1.3 0.00 2.9 16.0 12:20 SE 25 60.5 75.5 16:02 47.6 22:04 6.2 1.7 0.00 8.9 38.0 07:41 ENE 26 56.6 72.0 14:48 42.8 03:54 9.7 1.4 0.00 3.0 15.0 12:39 SW 27 57.1 73.7 14:06 40.0 05:46 9.8 1.9 0.00 3.1 18.0 18:32 E 28 62.3 73.2 14:45 54.9 06:47 4.2 1.5 0.00 10.0 32.0 10:41 ENE ---------------------------------------------------------------------------------- 56.4 83.9 23 37.8 17 269.4 28.7 0.01 3.5 38.0 25 ESE Max >= 85.0 0 Max <= 65.0 2 Min <= 60.0 28 Min <= 40.0 5 Max Rain: 0.01 on day 12 Days of Rain: 1 (>= 0.01 in) 0 (>= 0.10 in) 0 (>= 0.50 in) Heat Base: 65.0 Cool Base: 65.0 Method: Integration