NOAA-Style Climate Reports


Report for 2019
                   Annual Climatological Summary for 2019

Name: KCACAMAR4   City: Camarillo   State: California USA
Elevation: 174 ft  Lat: N 34° 13' 52"   Lon: W 119° 01' 48"

                  Temperature (°F), Heat Base: 65.0  Cool Base: 65.0
                          Dep.  Heat  Cool                       Max  Max  Min  Min
        Mean  Mean        From  Deg   Deg                        >=   <=   <=   <=
 YR MO  Max   Min   Mean  Norm  Days  Days  Hi  Date  Low  Date 85.0 65.0 60.0  40.0
------------------------------------------------------------------------------------
 19  1  67.5  46.6  56.0   1.7   300    22  81.2  25  37.7    3    0    9   31    3
 19  2  61.3  41.9  50.8  -4.5   396     0  68.2  28  34.4    6    0   23   28   14
 19  3  69.1  48.3  57.8   0.9   256    33  86.0  31  40.9    9    2    9   31    0
 19  4  72.6  52.1  61.1   2.0   165    49  84.6   8  47.6   12    0    3   30    0
 19  5  70.1  52.9  60.7  -1.2   161    28  76.5  11  45.8   27    0    2   31    0
 19  6  74.6  56.5  65.0  -0.2    74    74  89.4  10   0.0   15    2    1   22    1
 19  7  80.5  57.2  68.4  -0.4    51   157  95.7  24   0.0   12    5    0   19    1
 19  8  81.7  59.2  69.1   0.0    46   174  86.8  21  55.1    2    6    0   21    0
 19  9  82.0  59.0  69.5   2.0    45   180  91.1  14  48.5   30    7    0   21    0
 19 10  78.5  52.0  64.4   0.5    63    55  86.1  11  48.4    1    1    0   13    0
 19 11
 19 12
------------------------------------------------------------------------------------
        73.8  52.6  62.3   0.1  1562   775  95.7 Jul   0.0  Jun   23   47  247   19

                                Precipitation (in)

              Dep.   Max        Days of Rain
              From   Obs.           >=
 YR MO Total  Norm   Day Date 0.01 0.10 0.50
---------------------------------------------
 19  1  6.28  2.38  1.15  31    12    9    6
 19  2  5.49  0.99  1.68   2    13   11    3
 19  3  2.63 -0.37  1.23   2     7    3    2
 19  4  0.00 -1.10  0.00   0     0    0    0
 19  5  0.92  0.52  0.47  16     4    2    0
 19  6  0.03 -0.07  0.02  25     2    0    0
 19  7  0.00  0.00  0.00   0     0    0    0
 19  8  0.00  0.00  0.00   0     0    0    0
 19  9  0.03 -0.17  0.03  28     1    0    0
 19 10  0.00 -0.80  0.00   0     0    0    0
 19 11
 19 12
---------------------------------------------
       15.38  1.38  1.68  Feb   39   25   11

                                Wind Speed (mph)
                          Dom
 YR MO   Avg.  Hi   Date  Dir
------------------------------
 19  1   3.4  29.0   24     E
 19  2   3.3  29.0    2   ENE
 19  3   3.5  35.0   14     E
 19  4   2.8  25.0    9   WSW
 19  5   3.0  30.0   16   WSW
 19  6   2.4  18.0   27   WSW
 19  7   2.4  18.0    9   WSW
 19  8   2.4  20.0   11   WSW
 19  9   2.6  18.0    7   WSW
 19 10   3.6  34.0   10     E
 19 11
 19 12
------------------------------
         2.9  35.0  Mar     S