NOAA-Style Climate Reports


Report for 2018 June
                   Monthly Climatological Summary for Jun 2018

Name: KCACAMAR4   City: Camarillo   State: California USA
Elevation: 174 ft  Lat: N 34° 13' 52"   Lon: W 119° 01' 48"

                  Temperature (°F), Rain (in), Wind Speed (mph)

                                      Heat  Cool        Avg
    Mean                              Deg   Deg         Wind                 Dom
Day Temp  High   Time   Low    Time   Days  Days  Rain  Speed High   Time    Dir
----------------------------------------------------------------------------------
 1  64.5  76.9   14:50  50.9   05:06   4.5   4.0  0.00   2.3  18.0   12:35   WSW
 2  67.3  82.8   13:54  53.0   05:45   3.4   5.7  0.00   2.1  15.0   12:11   WSW
 3  66.7  81.3   15:05  54.0   06:17   3.4   5.1  0.00   2.0  14.0   12:23   WSW
 4  65.7  78.9   14:28  56.3   06:45   3.2   3.9  0.00   2.0  14.0   10:42   WSW
 5  63.5  71.1   15:33  58.0   23:56   2.3   0.9  0.00   1.2  14.0   17:31   WSW
 6  62.9  75.9   14:49  55.8   23:56   4.1   2.0  0.00   1.5  16.0   14:40   WSW
 7  64.0  78.8   14:27  50.1   06:03   4.8   3.8  0.00   1.6  16.0   13:52   WSW
 8  68.2  83.8   13:03  53.0   05:51   3.4   6.6  0.00   1.8  16.0   13:47   WSW
 9  65.9  81.4   12:27  53.3   05:53   3.5   4.4  0.00   1.6  17.0   13:15    SW
10  68.0  81.7   14:26  53.1   06:02   3.3   6.3  0.00   0.9  14.0   11:41   WSW
11  69.8  84.8   15:06  54.9   04:56   2.6   7.5  0.00   1.5  14.0   11:29   WSW
12  69.0  84.5   13:59  54.5   06:07   2.4   6.5  0.00   2.0  14.0   11:57   WSW
13  67.6  81.3   15:08  58.6   06:15   2.3   4.9  0.00   1.6  14.0   13:07   WSW
14  67.2  83.5   15:12  59.0   05:59   2.3   4.5  0.00   2.2  13.0   10:36   WSW
15  66.0  77.5   11:53  58.5   23:55   2.4   3.5  0.00   1.3  14.0   12:53   WSW
16  65.0  76.8   14:25  55.3   02:21   2.6   2.6  0.00   1.8  18.0   14:54     W
17  64.2  75.1   14:58  59.0   07:15   2.2   1.4  0.00   1.2  14.0   14:43   WSW
18  66.5  77.8   13:43  59.4   05:52   2.2   3.7  0.00   2.0  15.0   13:48   WSW
19  65.1  78.7   14:52  53.3   05:50   3.7   3.8  0.00   1.9  15.0   15:38   WSW
20  66.1  80.6   14:22  55.4   03:51   3.2   4.3  0.00   1.7  14.0   15:44   WSW
----------------------------------------------------------------------------------
    66.2  84.8    11    50.1     7    61.8  85.4  0.00   1.7  18.0     1     WSW

Max >=  85.0:  0
Max <=  65.0:  0
Min <=  60.0: 20
Min <=  40.0:  0
Max Rain: 0.00 on day 0
Days of Rain: 0 (>= 0.01 in)  0 (>= 0.10 in)  0 (>= 0.50 in)
Heat Base: 65.0  Cool Base: 65.0  Method: Integration