NOAA-Style Climate Reports


Report for 2021 January
                   Monthly Climatological Summary for Jan 2021

Name: KCACAMAR4   City: Camarillo   State: California USA
Elevation: 174 ft  Lat: N 34° 13' 51"   Lon: W 119° 01' 47"

                  Temperature (°F), Rain (in), Wind Speed (mph)

                                      Heat  Cool        Avg
    Mean                              Deg   Deg         Wind                 Dom
Day Temp  High   Time   Low    Time   Days  Days  Rain  Speed High   Time    Dir
----------------------------------------------------------------------------------
01  53.9  71.3   14:31  40.7   02:45  12.1   1.0  0.00   3.7  23.0   10:16     E
02  52.6  65.6   12:39  42.2   07:23  12.4   0.0  0.00   2.5  14.0   03:43     E
03  53.5  65.7   13:16  44.7   04:17  11.5   0.0  0.00   2.7  13.0   15:22   ENE
04  53.2  64.7   13:52  44.4   03:32  11.7   0.0  0.00   2.3  12.0   11:49   ESE
05  53.5  68.0   14:01  43.8   03:08  11.8   0.2  0.00   1.8  11.0   12:49   ESE
06  54.7  70.6   12:20  43.3   07:12  10.8   0.6  0.00   1.6  11.0   13:14   ESE
07  55.3  78.4   13:04  41.9   07:36  11.2   1.6  0.00   2.2  17.0   12:48     E
08  54.6  73.7   10:51  40.2   06:45  11.4   1.0  0.00   2.2  12.0   12:13     E
09  58.2  74.5   14:09  39.6   05:11   8.9   2.1  0.00   5.2  29.0   10:37     E
10  61.9  75.5   13:13  48.7   23:56   5.3   2.2  0.00   3.8  18.0   06:26     E
11  60.3  77.7   13:24  46.1   23:56   7.5   2.7  0.00   3.8  23.0   05:19     E
12  54.5  70.8   12:56  43.1   06:26  11.3   0.8  0.00   1.8  12.0   23:20     E
13  60.4  77.4   13:37  47.2   05:58   7.3   2.7  0.00   3.0  12.0   00:42   ENE
14  72.8  87.3   13:28  51.3   03:23   2.5  10.3  0.00   7.0  29.0   10:18   ENE
15  75.4  90.9   15:22  56.5   21:32   0.9  11.3  0.00   6.0  33.0   08:40     E
16  73.1  89.2   12:21  55.2   07:42   1.9  10.0  0.00   5.5  29.0   14:53     E
17  73.1  88.4   14:36  55.6   23:18   1.6   9.6  0.00   5.3  30.0   10:15     E
18  65.0  82.7   13:43  48.5   07:34   5.8   5.8  0.00   5.3  27.0   11:17   ENE
19  60.4  67.7   14:54  45.7   02:46   5.0   0.4  0.00  14.1  46.0   11:36   ENE
20  66.7  75.3   14:58  55.8   23:58   1.4   3.1  0.00   9.7  32.0   00:05   ENE
21  59.2  73.4   10:36  48.0   07:21   7.7   1.9  0.00   2.3  14.0   11:35     S
22  51.9  62.6   11:57  43.3   07:08  13.1   0.0  0.00   2.9  19.0   13:14   WSW
23  47.7  58.1   12:04  40.8   23:58  17.3   0.0  0.10   1.9  10.0   12:33   ENE
24  49.5  62.0   13:21  37.7   06:28  15.5   0.0  0.00   4.1  20.0   16:35   WSW
25  49.3  56.1   13:39  43.4   23:59  15.7   0.0  0.10   5.6  31.0   13:42     W
26  47.4  59.5   14:12  33.9   06:16  17.6   0.0  0.00   2.5  12.0   14:01     W
----------------------------------------------------------------------------------
    58.4  90.9    15    33.9    26   239.2  67.3  0.20   4.2  46.0    19       E

Max >=  85.0  4
Max <=  65.0  6
Min <=  60.0 26
Min <=  40.0  3
Max Rain: 0.10 on day 23
Days of Rain: 2 (>= 0.01 in)  2 (>= 0.10 in)  0 (>= 0.50 in)
Heat Base: 65.0  Cool Base: 65.0  Method: Integration