NOAA-Style Climate Reports


Report for 2019 September
                   Monthly Climatological Summary for Sep 2019

Name: KCACAMAR4   City: Camarillo   State: California USA
Elevation: 174 ft  Lat: N 34° 13' 52"   Lon: W 119° 01' 48"

                  Temperature (°F), Rain (in), Wind Speed (mph)

                                      Heat  Cool        Avg
    Mean                              Deg   Deg         Wind                 Dom
Day Temp  High   Time   Low    Time   Days  Days  Rain  Speed High   Time    Dir
----------------------------------------------------------------------------------
 1  71.3  84.1   16:13  60.9   06:52   0.7   7.0  0.00   2.1  15.0   11:49   WSW
 2  73.1  84.3   16:52  64.1   04:20   0.0   8.2  0.00   2.2  16.0   13:49    SW
 3  76.3  88.8   15:33  66.5   05:40   0.0  11.3  0.00   2.4  14.0   13:10    SW
 4  76.4  90.9   13:03  65.6   06:31   0.0  11.4  0.00   2.1  14.0   14:21   WSW
 5  75.3  88.5   14:15  65.2   05:46   0.0  10.3  0.00   2.1  13.0   12:17   WSW
 6  74.4  87.4   13:51  65.6   05:36   0.0   9.4  0.00   2.3  16.0   14:23   WSW
 7  70.4  83.2   11:43  60.9   06:35   0.7   6.1  0.00   2.7  18.0   17:03    SW
 8  67.3  81.0   14:40  56.3   05:57   2.4   4.6  0.00   2.6  16.0   16:38    SW
 9  67.9  79.0   11:22  57.8   06:34   2.0   4.9  0.00   3.1  18.0   11:48    SW
10  67.9  78.3   12:06  59.5   04:02   1.3   4.2  0.00   2.4  18.0   14:43    SW
11  68.3  79.4   12:20  58.6   06:04   1.7   5.0  0.00   3.1  17.0   15:50   WSW
12  69.9  82.8   13:44  58.1   05:44   1.6   6.5  0.00   2.5  13.0   13:13    SW
13  72.8  89.1   13:51  57.6   06:55   1.4   9.2  0.00   2.4  13.0   14:46    SW
14  74.6  91.1   15:44  59.7   07:06   0.6  10.3  0.00   2.5  12.0   11:56    SW
15  67.9  80.7   11:50  58.7   04:55   1.5   4.4  0.00   2.0  15.0   14:21   WSW
----------------------------------------------------------------------------------
    71.6  91.1    14    56.3     8    13.9 112.8  0.00   2.4  18.0     7      SW

Max >=  85.0:  6
Max <=  65.0:  0
Min <=  60.0:  8
Min <=  40.0:  0
Max Rain: 0.00 on day 0
Days of Rain: 0 (>= 0.01 in)  0 (>= 0.10 in)  0 (>= 0.50 in)
Heat Base: 65.0  Cool Base: 65.0  Method: Integration