NOAA-Style Climate Reports


Report for 2020 January
                   Monthly Climatological Summary for Jan 2020

Name: KCACAMAR4   City: Camarillo   State: California USA
Elevation: 174 ft  Lat: N 34 13 51   Lon: W 119 01 48

                  Temperature (°F), Rain (in), Wind Speed (mph)

                                      Heat  Cool        Avg
    Mean                              Deg   Deg         Wind                 Dom
Day Temp  High   Time   Low    Time   Days  Days  Rain  Speed High   Time    Dir
----------------------------------------------------------------------------------
01  55.1  66.7   12:00  45.9   05:35  10.0   0.1  0.00   2.8  13.0   13:07     E
02  54.6  65.9   11:49  45.0   06:17  10.4   0.0  0.00   2.2  12.0   12:06   ENE
03  57.3  71.5   10:27  46.1   07:08   8.7   1.0  0.00   2.4  11.0   12:22   ESE
04  53.4  67.0   14:00  43.6   06:00  11.7   0.1  0.00   2.7  11.0   01:34     E
05  56.1  70.0   11:53  43.2   07:19   9.5   0.5  0.00   3.8  22.0   21:37     E
06  65.9  75.4   14:04  59.4   05:38   1.7   2.5  0.00   7.6  27.0   11:08     E
07  61.3  77.7   14:35  48.5   23:59   6.2   2.5  0.00   3.8  14.0   15:08     E
08  51.4  64.3   13:01  42.5   05:43  13.6   0.0  0.00   3.1  12.0   07:27   ENE
09  50.2  60.2   11:44  42.5   06:58  14.8   0.0  0.00   3.0  17.0   13:03   ENE
10  51.3  66.9   12:59  40.9   03:11  13.8   0.1  0.00   2.5  13.0   14:43     E
11  50.3  61.8   13:38  41.6   04:30  14.7   0.0  0.00   3.2  12.0   12:16     E
12  49.7  62.5   13:02  40.6   01:34  15.3   0.0  0.00   3.0  14.0   13:36   ENE
13  50.4  62.3   13:05  42.6   06:45  14.6   0.0  0.00   3.4  12.0   01:19   ENE
14  51.0  62.5   12:43  41.0   06:38  14.0   0.0  0.01   3.1  12.0   13:10     E
15  50.4  63.4   13:37  40.9   07:38  14.6   0.0  0.00   2.8  12.0   14:44   ENE
16  50.2  60.4   12:31  41.5   05:02  14.8   0.0  0.50   2.9  13.0   13:49     E
17  50.2  63.9   13:44  43.1   04:34  14.8   0.0  0.01   2.4  15.0   14:44   ENE
18  56.8  70.6   12:59  41.9   00:28   8.9   0.8  0.00   4.3  23.0   14:46     E
19  63.9  72.8   11:14  53.6   22:53   3.1   1.9  0.00   5.4  21.0   10:02     E
20  56.7  63.6   13:04  52.4   00:54   8.3   0.0  0.03   1.7  10.0   02:01   WSW
21  55.1  63.6   13:21  46.5   23:59   9.9   0.0  0.02   1.8  13.0   15:38   WSW
22  54.2  64.6   13:54  46.3   07:13  10.8   0.0  0.01   2.1  11.0   12:34   ESE
23  57.9  74.9   11:52  43.4   06:48   8.8   1.7  0.01   2.5  10.0   01:18     E
24  58.4  70.2   13:22  49.5   05:20   7.5   0.9  0.00   2.5  11.0   07:16     E
25  53.3  64.1   12:40  42.9   07:01  11.7   0.0  0.00   1.9  12.0   13:09    SW
26  54.4  62.9   14:10  47.2   00:36  10.5   0.0  0.00   1.7   9.0   12:08   ESE
----------------------------------------------------------------------------------
    54.6  77.7     7    40.6    12   282.7  12.1  0.59   3.0  27.0     6       E

Max >=  85.0  0
Max <=  65.0 14
Min <=  60.0 26
Min <=  40.0  0
Max Rain: 0.50 on day 16
Days of Rain: 7 (>= 0.01 in)  1 (>= 0.10 in)  1 (>= 0.50 in)
Heat Base: 65.0  Cool Base: 65.0  Method: Integration