NOAA-Style Climate Reports


Report for 2024 May
                   Monthly Climatological Summary for May 2024

Name: KCACAMAR4   City: Camarillo   State: California USA
Elevation: 174 ft  Lat: N 34° 13' 50"   Lon: W 119° 01' 45"

                  Temperature (°F), Rain (in), Wind Speed (mph)

                                      Heat  Cool        Avg
    Mean                              Deg   Deg         Wind                 Dom
Day Temp  High   Time   Low    Time   Days  Days  Rain  Speed High   Time    Dir
----------------------------------------------------------------------------------
01  61.5  73.0   14:31  51.2   04:23   5.6   2.0  0.00   2.4  14.0   14:08   WSW
02  60.4  71.8   12:26  49.5   05:07   6.3   1.6  0.00   2.5  16.0   13:58   WSW
03  60.1  67.1   14:47  53.3   01:16   5.2   0.3  0.00   1.7  13.0   15:49     W
04  57.4  64.1   13:58  50.9   04:25   7.6   0.0  0.04   2.1  14.0   13:59   WSW
05  59.4  69.7   15:33  50.3   06:52   6.2   0.6  0.03   3.3  18.0   16:29   WSW
06  60.2  74.2   16:10  45.5   06:17   7.5   2.7  0.00   2.9  16.0   13:53   WSW
07  60.2  73.4   14:12  46.9   05:38   6.9   2.1  0.00   2.5  15.0   14:26   WSW
08  60.9  72.6   15:15  49.7   05:11   6.1   2.0  0.00   2.8  16.0   13:19   WSW
09  61.5  73.1   10:56  51.5   05:15   5.6   2.1  0.00   2.8  18.0   15:11   WSW
10  59.4  67.9   14:16  52.9   01:55   5.7   0.2  0.00   2.0  15.0   14:50   WSW
11  61.3  71.4   15:44  55.7   03:43   4.7   1.0  0.00   2.4  16.0   13:05    SW
12  60.7  70.0   15:25  56.3   01:34   5.0   0.7  0.00   2.2  14.0   14:51   WSW
13  59.7  65.4   11:51  55.0   06:27   5.3   0.0  0.00   2.4  14.0   12:46   WSW
14  60.2  69.0   15:36  55.9   02:08   5.1   0.3  0.00   2.1  14.0   16:07     W
15  60.3  68.8   14:08  55.3   03:37   5.0   0.3  0.00   2.2  14.0   14:46   WSW
16  60.5  67.1   14:24  56.7   04:04   4.7   0.2  0.00   2.2  12.0   13:53   WSW
17  61.2  68.8   14:51  56.8   00:44   4.4   0.5  0.00   2.2  13.0   12:57   WSW
18  61.3  69.8   14:55  56.5   06:19   4.3   0.6  0.00   2.6  17.0   13:17   WSW
19  61.2  69.7   12:32  54.9   23:11   4.6   0.7  0.00   2.1  16.0   11:45   WSW
20  59.6  68.5   11:41  55.3   00:00   5.3   0.3  0.00   2.5  15.0   14:52   WSW
21  60.2  70.0   16:22  49.3   06:22   5.6   1.1  0.00   2.4  16.0   14:57   WSW
22  58.1  64.2   13:32  51.0   03:33   6.5   0.0  0.00   1.6  13.0   13:32   WSW
23  61.1  70.3   15:06  56.6   06:02   4.3   0.6  0.00   2.2  15.0   13:47   WSW
24  61.6  70.1   14:20  54.7   23:55   4.3   1.1  0.00   2.7  15.0   10:45   WSW
25  59.9  70.6   16:34  49.4   06:11   6.0   1.3  0.00   3.1  16.0   13:36    SW
26  58.7  68.0   14:59  50.4   03:41   6.4   0.3  0.00   1.9  13.0   15:01   WSW
27  59.2  69.2   15:16  48.1   05:14   6.3   0.9  0.00   2.4  15.0   16:07   WSW
----------------------------------------------------------------------------------
    60.2  74.2     6    45.5     6   150.6  23.5  0.07   2.4  18.0     5     WSW

Max >=  85.0  0
Max <=  65.0  2
Min <=  60.0 27
Min <=  40.0  0
Max Rain: 0.04 on day 4
Days of Rain: 2 (>= 0.01 in)  0 (>= 0.10 in)  0 (>= 0.50 in)
Heat Base: 65.0  Cool Base: 65.0  Method: Integration