NOAA-Style Climate Reports


Report for 2019 July
                   Monthly Climatological Summary for Jul 2019

Name: KCACAMAR4   City: Camarillo   State: California USA
Elevation: 174 ft  Lat: N 34° 13' 52"   Lon: W 119° 01' 48"

                  Temperature (°F), Rain (in), Wind Speed (mph)

                                      Heat  Cool        Avg
    Mean                              Deg   Deg         Wind                 Dom
Day Temp  High   Time   Low    Time   Days  Days  Rain  Speed High   Time    Dir
----------------------------------------------------------------------------------
 1  67.9  80.9   13:43  55.2   05:42   2.6   5.5  0.00   2.4  15.0   14:40   WSW
 2  67.6  80.3   14:37  56.1   05:59   2.2   4.8  0.00   2.8  15.0   12:02   WSW
 3  66.3  76.7   15:14  55.9   05:43   2.6   3.9  0.00   2.8  16.0   15:53   WSW
 4  65.1  75.5   14:22  56.2   04:26   2.7   2.7  0.00   2.2  16.0   13:40   WSW
 5  65.6  76.8   13:41  55.1   04:48   3.0   3.7  0.00   2.5  15.0   12:01   WSW
 6  64.8  76.5   14:01  56.8   03:06   2.9   2.6  0.00   2.6  17.0   14:18   WSW
 7  65.3  74.0   12:38  59.3   23:25   2.1   2.4  0.00   2.6  17.0   13:55   WSW
 8  66.0  75.6   14:38  59.6   00:00   1.9   2.9  0.00   2.1  15.0   14:28   WSW
 9  65.3  78.0   12:50  55.5   04:08   3.1   3.4  0.00   2.4  18.0   13:07   WSW
10  66.6  79.8   14:30  54.9   05:55   2.9   4.4  0.00   2.4  16.0   14:25   WSW
11  68.6  80.8   12:00  57.6   05:40   1.8   5.4  0.00   2.5  15.0   13:08   WSW
12  68.7  80.4   11:35   0.0   00:03   1.7   5.4  0.00   2.3  16.0   13:14   WSW
13  67.8  80.0   14:48  57.3   06:14   1.9   4.6  0.00   2.4  14.0   11:35   WSW
14  68.2  81.0   14:01  60.2   23:45   1.2   4.5  0.00   2.2  15.0   14:47   WSW
15  68.4  82.7   14:27  59.2   06:06   2.0   5.4  0.00   2.3  13.0   14:46   WSW
16  69.7  82.0   16:07  57.0   05:52   1.7   6.4  0.00   2.4  16.0   14:49   WSW
17  68.7  80.0   13:54  60.3   06:20   1.1   4.9  0.00   2.5  17.0   12:26   WSW
18  68.1  77.4   12:17  60.1   02:57   1.2   4.3  0.00   2.8  15.0   13:45   WSW
19  68.0  77.6   13:59  61.8   23:46   0.7   3.7  0.00   2.6  16.0   14:12   WSW
20  67.1  76.7   14:44  60.5   05:53   1.5   3.5  0.00   2.6  16.0   14:29   WSW
----------------------------------------------------------------------------------
    67.2  82.7    15     0.0    12    40.8  84.4  0.00   2.5  18.0     9     WSW

Max >=  85.0:  0
Max <=  65.0:  0
Min <=  60.0: 15
Min <=  40.0:  1
Max Rain: 0.00 on day 0
Days of Rain: 0 (>= 0.01 in)  0 (>= 0.10 in)  0 (>= 0.50 in)
Heat Base: 65.0  Cool Base: 65.0  Method: Integration