NOAA-Style Climate Reports


Report for 2018 November
                   Monthly Climatological Summary for Nov 2018

Name: KCACAMAR4   City: Camarillo   State: California USA
Elevation: 174 ft  Lat: N 34° 13' 52"   Lon: W 119° 01' 48"

                  Temperature (°F), Rain (in), Wind Speed (mph)

                                      Heat  Cool        Avg
    Mean                              Deg   Deg         Wind                 Dom
Day Temp  High   Time   Low    Time   Days  Days  Rain  Speed High   Time    Dir
----------------------------------------------------------------------------------
 1  67.9  89.8   13:18  51.0   03:49   4.1   7.1  0.00   0.3  21.0   10:23     E
 2  70.8  87.4   14:32  58.2   07:42   1.6   7.4  0.00   0.0   9.0   05:48   ENE
 3  68.5  85.7   16:04  51.5   07:44   3.1   6.7  0.00   0.0   5.0   20:27   ---
 4  65.6  86.1   13:10  52.3   06:18   4.4   5.0  0.00   0.0   8.0   01:49   ---
 5  61.8  75.3   11:53  48.3   06:10   5.8   2.6  0.00   0.0   5.0   12:54   ---
 6  64.6  77.0   12:37  55.7   23:59   3.5   3.0  0.00   0.0   0.0   00:00   ---
 7  60.2  73.0   12:38  53.2   04:07   6.1   1.2  0.00   0.0   8.0   15:20   ---
 8  66.9  81.9   13:12  51.7   03:52   4.0   6.0  0.01   2.4  31.0   14:33   ENE
 9  68.7  79.7   14:11  49.7   23:58   1.5   5.1  0.00   3.5  35.0   10:52   ENE
10  60.8  81.3   12:02  43.0   06:37   8.1   3.9  0.00   0.0   9.0   12:49    SW
11  63.1  77.9   13:43  42.4   07:10   6.0   4.2  0.00   0.8  28.0   10:07   ENE
12  68.4  78.0   13:27  60.4   03:37   0.6   4.0  0.00   0.5  35.0   10:28   ENE
13  69.4  78.0   14:31  63.4   01:33   0.1   4.6  0.00   0.1  25.0   09:04   ENE
14  68.8  82.8   13:47  48.2   23:35   2.5   6.3  0.00   0.2  26.0   09:26    NE
----------------------------------------------------------------------------------
    66.1  89.8     1    42.4    11    51.4  67.1  0.01   0.6  35.0     9     ENE

Max >=  85.0:  4
Max <=  65.0:  0
Min <=  60.0: 12
Min <=  40.0:  0
Max Rain: 0.01 on day 8
Days of Rain: 1 (>= 0.01 in)  0 (>= 0.10 in)  0 (>= 0.50 in)
Heat Base: 65.0  Cool Base: 65.0  Method: Integration