NOAA-Style Climate Reports

Select a Year or Month report
2019: Jan Feb Mar Apr May Jun Jul Aug Sep Oct Nov Dec
2018: Jan Feb Mar Apr May Jun Jul Aug Sep Oct Nov Dec
2017: Jan Feb Mar Apr May Jun Jul Aug Sep Oct Nov Dec
2016: Jan Feb Mar Apr May Jun Jul Aug Sep Oct Nov Dec
2015: Jan Feb Mar Apr May Jun Jul Aug Sep Oct Nov Dec
2014: Jan Feb Mar Apr May Jun Jul Aug Sep Oct Nov Dec

Report for 2019 March
                   Monthly Climatological Summary for Mar 2019

Name: KCACAMAR4   City: Camarillo   State: California USA
Elevation: 174 ft  Lat: N 34° 13' 52"   Lon: W 119° 01' 48"

                  Temperature (°F), Rain (in), Wind Speed (mph)

                                      Heat  Cool        Avg
    Mean                              Deg   Deg         Wind                 Dom
Day Temp  High   Time   Low    Time   Days  Days  Rain  Speed High   Time    Dir
----------------------------------------------------------------------------------
 1  58.1  64.3   12:47  55.1   05:29   6.9   0.0  0.00   2.1  14.0   14:37   SSW
 2  57.9  63.2   12:20  54.1   04:45   7.1   0.0  1.23   2.8  18.0   13:42   WSW
 3  57.0  62.9   13:39  54.6   06:34   8.0   0.0  0.04   3.1  15.0   13:51   WSW
 4  56.3  65.2   11:34  49.2   23:31   8.7   0.0  0.00   2.3  19.0   14:28   WSW
 5  55.9  66.0   12:08  49.4   03:24   9.1   0.0  0.21   3.2  23.0   13:31   ENE
 6  56.5  64.8   11:59  52.0   05:41   8.5   0.0  1.04   3.4  17.0   12:46    SW
 7  53.9  63.1   11:30  45.3   06:11  11.1   0.0  0.01   2.5  18.0   14:43   WSW
 8  51.8  60.9   13:13  42.1   06:29  13.2   0.0  0.00   3.7  19.0   13:01     W
 9  50.7  61.2   15:00  40.9   05:59  14.3   0.0  0.00   3.5  18.0   15:36   WSW
10  52.2  61.8   13:09  45.8   04:08  12.3   0.0  0.00   3.3  17.0   15:11   SSW
11  55.0  65.3   13:15  43.5   05:48  10.0   0.0  0.00   4.0  27.0   14:30   ENE
12  58.5  69.7   15:02  49.9   06:43   7.2   0.7  0.00   3.6  23.0   13:44   WSW
13  55.3  67.7   13:41  45.7   03:20   9.9   0.2  0.00   3.0  18.0   14:27   ENE
14  59.9  70.8   15:51  46.7   01:06   6.1   1.0  0.00   8.7  35.0   10:58   ENE
15  62.0  76.0   15:58  49.0   23:47   5.6   2.6  0.00   6.5  32.0   11:10   ENE
16  62.5  81.9   16:20  44.0   05:47   7.3   4.8  0.00   5.2  31.0   12:29   ENE
17  65.6  85.4   14:25  49.5   06:55   5.6   6.2  0.00   3.3  15.0   13:29     E
18  62.2  76.0   12:41  51.2   05:38   5.7   2.9  0.00   3.0  16.0   14:00    SW
19  56.6  66.8   15:19  49.7   06:22   8.5   0.1  0.05   2.7  16.0   20:12     W
20  58.1  67.0   13:06  50.4   23:59   7.0   0.0  0.00   3.3  19.0   14:02   WSW
21  53.9  63.6   14:29  46.5   05:29  11.1   0.0  0.05   2.7  17.0   14:29     W
22  56.1  65.9   14:22  47.4   06:44   8.9   0.0  0.00   3.0  15.0   13:03    SW
23  56.5  65.4   13:22  48.6   04:18   8.5   0.0  0.00   2.7  18.0   13:38    SW
----------------------------------------------------------------------------------
    57.1  85.4    17    40.9     9   200.6  18.5  2.63   3.6  35.0    14     SSW

Max >=  85.0:  1
Max <=  65.0:  9
Min <=  60.0: 23
Min <=  40.0:  0
Max Rain: 1.23 on day 2
Days of Rain: 7 (>= 0.01 in)  3 (>= 0.10 in)  2 (>= 0.50 in)
Heat Base: 65.0  Cool Base: 65.0  Method: Integration