NOAA-Style Climate Reports


Report for 2019 May
                   Monthly Climatological Summary for May 2019

Name: KCACAMAR4   City: Camarillo   State: California USA
Elevation: 174 ft  Lat: N 34° 13' 52"   Lon: W 119° 01' 48"

                  Temperature (°F), Rain (in), Wind Speed (mph)

                                      Heat  Cool        Avg
    Mean                              Deg   Deg         Wind                 Dom
Day Temp  High   Time   Low    Time   Days  Days  Rain  Speed High   Time    Dir
----------------------------------------------------------------------------------
 1  59.9  70.6   13:57  50.8   06:23   6.2   1.0  0.00   3.5  19.0   15:00   WSW
 2  61.0  70.8   15:32  50.2   06:00   5.4   1.4  0.00   3.1  17.0   13:27   WSW
 3  61.0  73.1   15:38  49.7   05:29   5.6   1.6  0.00   2.7  17.0   13:20   WSW
 4  61.8  70.8   12:59  56.9   05:39   4.2   1.0  0.00   2.6  18.0   13:20   WSW
 5  61.0  69.0   11:35  56.4   06:12   4.4   0.5  0.00   3.4  19.0   14:22   WSW
 6  59.9  64.9   16:39  55.0   05:14   5.1   0.0  0.03   2.4  20.0   16:38   WSW
 7  61.7  69.4   13:28  56.6   06:45   3.7   0.4  0.00   2.8  16.0   13:23    SW
 8  61.5  67.9   14:38  57.7   06:07   3.8   0.4  0.00   2.7  15.0   11:59   WSW
 9  60.8  64.6   11:03  58.9   00:13   4.2   0.0  0.00   1.9  11.0   12:31   WSW
10  62.3  72.8   12:58  58.4   03:13   3.4   0.7  0.00   1.9  17.0   12:52   SSW
11  64.9  76.5   13:37  55.3   02:48   3.2   3.1  0.00   2.8  17.0   15:28   WSW
12  63.7  74.1   14:56  53.4   05:13   3.8   2.5  0.00   2.8  22.0   13:00   WSW
13  61.8  66.8   14:28  56.7   01:45   3.3   0.1  0.00   1.9  11.0   16:12     W
14  62.6  70.6   15:56  58.3   02:03   3.3   1.0  0.00   2.1  15.0   16:15   WSW
15  62.2  72.9   13:00  56.8   01:40   3.7   0.9  0.00   2.9  19.0   17:58   WSW
16  60.8  67.5   14:06  53.0   23:54   4.5   0.3  0.47   5.1  30.0   17:13     W
17  59.7  71.5   14:05  48.6   06:13   6.5   1.3  0.00   3.3  18.0   14:55   WSW
18  58.7  71.4   12:37  48.5   05:51   7.1   0.8  0.00   3.0  18.0   13:13   WSW
19  56.9  65.4   15:54  50.9   06:44   8.1   0.0  0.41   4.5  22.0   18:53     W
20  59.5  69.5   14:11  48.6   05:49   6.2   0.8  0.00   3.6  19.0   15:09   WSW
----------------------------------------------------------------------------------
    61.1  76.5    11    48.5    18    95.7  17.8  0.91   3.0  30.0    16     WSW

Max >=  85.0:  0
Max <=  65.0:  2
Min <=  60.0: 20
Min <=  40.0:  0
Max Rain: 0.47 on day 16
Days of Rain: 3 (>= 0.01 in)  2 (>= 0.10 in)  0 (>= 0.50 in)
Heat Base: 65.0  Cool Base: 65.0  Method: Integration