NOAA-Style Climate Reports

Select a Year or Month report
2019: Jan Feb Mar Apr May Jun Jul Aug Sep Oct Nov Dec
2018: Jan Feb Mar Apr May Jun Jul Aug Sep Oct Nov Dec
2017: Jan Feb Mar Apr May Jun Jul Aug Sep Oct Nov Dec
2016: Jan Feb Mar Apr May Jun Jul Aug Sep Oct Nov Dec
2015: Jan Feb Mar Apr May Jun Jul Aug Sep Oct Nov Dec
2014: Jan Feb Mar Apr May Jun Jul Aug Sep Oct Nov Dec

Report for 2018 April
                   Monthly Climatological Summary for Apr 2018

Name: KCACAMAR4   City: Camarillo   State: California USA
Elevation: 174 ft  Lat: N 34° 13' 52"   Lon: W 119° 01' 48"

                  Temperature (°F), Rain (in), Wind Speed (mph)

                                      Heat  Cool        Avg
    Mean                              Deg   Deg         Wind                 Dom
Day Temp  High   Time   Low    Time   Days  Days  Rain  Speed High   Time    Dir
----------------------------------------------------------------------------------
 1  59.1  70.9   12:55  53.9   06:22   6.4   0.5  0.00   1.2  14.0   13:35   WSW
 2  58.7  64.9   13:19  51.9   23:46   6.3   0.0  0.00   1.0  12.0   14:29   WSW
 3  58.2  71.2   14:53  46.7   06:56   8.0   1.2  0.00   1.4  15.0   14:47   WSW
 4  57.9  69.3   14:59  53.9   23:57   7.3   0.3  0.00   1.3  14.0   15:59   WSW
 5  58.4  71.3   14:41  51.0   05:53   7.4   0.9  0.00   1.2  14.0   15:45   WSW
 6  61.1  75.0   15:18  50.3   06:18   5.6   1.7  0.00   1.9  16.0   12:14    SW
 7  61.1  73.1   15:34  54.9   06:45   4.7   0.9  0.00   1.5  18.0   15:52    SW
 8  63.5  80.0   12:21  49.6   06:46   5.9   4.4  0.00   1.5  16.0   13:45    SW
 9  72.1  96.8   14:16  50.1   04:02   3.9  10.9  0.00   2.4  22.0   10:29   ENE
10  68.9  88.5   13:57  56.0   04:16   2.7   6.6  0.00   1.3  12.0   15:12   WSW
11  61.7  77.9   13:54  51.1   06:24   5.6   2.2  0.00   2.0  22.0   16:05   WSW
12  60.8  75.8   15:18  48.2   06:02   6.7   2.4  0.00   1.1  18.0   14:05     W
13  64.1  83.6   15:09  48.4   06:21   5.6   4.8  0.00   3.5  28.0   10:24   ENE
14  68.2  88.1   15:05  51.9   06:51   4.2   7.4  0.00   0.4  15.0   15:45   WSW
15  61.6  80.0   11:51  48.8   06:30   6.0   2.6  0.00   0.9  15.0   12:57   WSW
16  56.0  66.8   11:48  48.1   06:37   9.2   0.2  0.00   5.1  32.0   16:37     W
17  57.1  73.4   12:20  42.3   06:18   9.4   1.5  0.00   3.5  17.0   13:06     W
18  58.5  73.6   13:46  43.9   05:38   8.5   2.0  0.00   3.6  15.0   12:41    SW
19  56.5  70.0   14:43  46.2   04:09   9.0   0.5  0.02   2.4  19.0   15:13   WSW
20  59.8  77.6   12:50  45.7   06:25   7.7   2.5  0.00   2.2  17.0   15:31   WSW
21  65.0  86.2   11:54  47.2   06:29   5.6   5.6  0.00   1.9  14.0   12:56   WSW
22  66.0  83.6   15:02  50.6   05:39   4.3   5.3  0.00   1.9  14.0   12:32   WSW
23  61.3  76.6   13:31  52.6   06:49   5.6   2.0  0.00   1.3  16.0   14:14   WSW
24  60.5  72.6   13:35  54.0   22:41   5.5   1.1  0.00   0.9  14.0   10:44   WSW
25  60.7  74.6   14:27  53.0   06:27   6.2   1.9  0.00   1.6  13.0   17:10   WSW
26  60.4  72.4   13:42  53.7   05:39   6.0   1.4  0.00   1.7  16.0   14:41   WSW
27  60.4  73.1   14:24  53.1   23:56   5.9   1.3  0.00   1.4  15.0   14:27    SW
28  60.1  74.7   15:07  48.1   06:04   6.8   1.9  0.00   2.2  19.0   12:56    SW
29  59.5  71.7   13:46  48.7   06:23   7.1   1.5  0.00   2.1  18.0   15:32    SW
30  58.3  70.0   14:42  48.8   04:06   7.5   0.8  0.00   2.0  16.0   14:04    SW
----------------------------------------------------------------------------------
    61.2  96.8     9    42.3    17   190.6  76.3  0.02   1.9  32.0    16     WSW

Max >=  85.0:  4
Max <=  65.0:  1
Min <=  60.0: 30
Min <=  40.0:  0
Max Rain: 0.02 on day 19
Days of Rain: 1 (>= 0.01 in)  0 (>= 0.10 in)  0 (>= 0.50 in)
Heat Base: 65.0  Cool Base: 65.0  Method: Integration