NOAA-Style Climate Reports

Select a Year or Month report
2018: Jan Feb Mar Apr May Jun Jul Aug Sep Oct Nov Dec
2017: Jan Feb Mar Apr May Jun Jul Aug Sep Oct Nov Dec
2016: Jan Feb Mar Apr May Jun Jul Aug Sep Oct Nov Dec
2015: Jan Feb Mar Apr May Jun Jul Aug Sep Oct Nov Dec
2014: Jan Feb Mar Apr May Jun Jul Aug Sep Oct Nov Dec

Report for 2018 February
                   Monthly Climatological Summary for Feb 2018

Name: KCACAMAR4   City: Camarillo   State: California USA
Elevation: 174 ft  Lat: N 34° 13' 52"   Lon: W 119° 01' 48"

                  Temperature (°F), Rain (in), Wind Speed (mph)

                                      Heat  Cool        Avg
    Mean                              Deg   Deg         Wind                 Dom
Day Temp  High   Time   Low    Time   Days  Days  Rain  Speed High   Time    Dir
----------------------------------------------------------------------------------
 1  62.1  76.7   12:59  48.7   06:21   5.9   3.0  0.00   2.3  11.0   03:11   ENE
 2  61.2  77.2   13:26  46.5   06:41   6.8   3.0  0.00   1.4  11.0   13:16   SSW
 3  61.2  75.7   13:41  49.2   04:08   6.3   2.5  0.00   1.8  11.0   11:55     E
 4  61.5  77.1   11:48  47.2   07:00   6.2   2.7  0.00   1.2  11.0   14:51    SW
 5  56.5  70.9   12:19  47.5   07:06   9.1   0.5  0.00   1.1  14.0   15:23   WSW
 6  55.5  68.3   12:50  48.0   06:39   9.7   0.2  0.00   1.3  10.0   12:05   SSW
 7  58.2  86.9   12:31  43.1   05:39  10.2   3.4  0.00   1.8  19.0   11:48     E
 8  63.8  89.1   12:36  47.6   01:43   6.4   5.3  0.00   1.9  19.0   11:34   ENE
 9  60.4  74.9   11:25  48.8   07:16   6.2   1.6  0.00   1.6  14.0   14:42     N
10  57.7  68.9   14:08  50.3   23:55   7.6   0.3  0.00   1.5  10.0   14:38   ENE
11  61.7  77.5   12:28  46.8   02:52   5.4   2.1  0.00   4.3  23.0   04:08   ENE
12  55.4  66.7   13:29  46.5   23:43   9.7   0.2  0.00   2.1  18.0   16:18   WSW
13  56.6  70.1   14:09  46.4   01:24   9.1   0.7  0.00   1.8  16.0   10:35   ESE
14  58.7  72.3   12:33  50.7   23:58   7.6   1.3  0.02   0.9  12.0   12:48   SSE
15  61.4  76.7   12:53  46.1   06:50   6.9   3.2  0.00   3.7  22.0   13:23    NE
16  61.8  81.6   12:54  49.4   06:23   6.5   3.4  0.00   3.0  23.0   10:17   ENE
17  59.4  78.6   12:02  45.4   07:16   8.7   3.1  0.00   2.0  14.0   14:09   WSW
18  56.0  69.8   10:52  44.4   07:33   9.7   0.7  0.00   2.1  16.0   14:20     W
19  50.8  62.3   12:11  37.0   23:56  14.2   0.0  0.00   2.1  22.0   13:38     W
20  47.6  66.8   12:55  33.2   07:08  17.4   0.0  0.00   2.6  17.0   13:05   ENE
21  51.1  65.9   11:20  38.7   06:32  13.9   0.0  0.00   2.5  15.0   12:23   NNE
22  50.3  64.5   13:34  39.0   06:01  14.7   0.0  0.00   2.9  20.0   16:09     W
23  48.8  65.7   14:57  37.0   06:40  16.2   0.0  0.00   2.1  17.0   14:01     E
24  50.6  66.8   11:49  37.3   05:28  14.2   0.1  0.00   2.3  17.0   12:29     W
25  53.7  74.9   12:43  36.5   04:07  12.3   1.3  0.00   3.3  27.0   09:34   ENE
26  52.6  66.2   13:51  39.9   06:14  12.5   0.1  0.02   3.3  17.0   13:34     W
27  48.5  63.0   14:06  37.2   06:27  16.3   0.0  0.00   1.5  13.0   14:36     E
28  50.3  66.1   13:36  37.4   06:58  14.7   0.0  0.00   1.8  15.0   12:31    NE
----------------------------------------------------------------------------------
    56.2  89.1     8    33.2    20   284.4  38.7  0.04   2.1  27.0    25     ENE

Max >=  85.0:  2
Max <=  65.0:  3
Min <=  60.0: 28
Min <=  40.0: 10
Max Rain: 0.02 on day 14
Days of Rain: 2 (>= 0.01 in)  0 (>= 0.10 in)  0 (>= 0.50 in)
Heat Base: 65.0  Cool Base: 65.0  Method: Integration