NOAA-Style Climate Reports
Select a Year or Month report
2024: Jan Feb Mar Apr May Jun Jul Aug Sep Oct Nov Dec
2023: Jan Feb Mar Apr May Jun Jul Aug Sep Oct Nov Dec
2022: Jan Feb Mar Apr May Jun Jul Aug Sep Oct Nov Dec
2021: Jan Feb Mar Apr May Jun Jul Aug Sep Oct Nov Dec
2020: Jan Feb Mar Apr May Jun Jul Aug Sep Oct Nov Dec
2019: Jan Feb Mar Apr May Jun Jul Aug Sep Oct Nov Dec
2018: Jan Feb Mar Apr May Jun Jul Aug Sep Oct Nov Dec
2017: Jan Feb Mar Apr May Jun Jul Aug Sep Oct Nov Dec
2016: Jan Feb Mar Apr May Jun Jul Aug Sep Oct Nov Dec
2015: Jan Feb Mar Apr May Jun Jul Aug Sep Oct Nov Dec
2014: Jan Feb Mar Apr May Jun Jul Aug Sep Oct Nov Dec
2024: Jan Feb Mar Apr May Jun Jul Aug Sep Oct Nov Dec
2023: Jan Feb Mar Apr May Jun Jul Aug Sep Oct Nov Dec
2022: Jan Feb Mar Apr May Jun Jul Aug Sep Oct Nov Dec
2021: Jan Feb Mar Apr May Jun Jul Aug Sep Oct Nov Dec
2020: Jan Feb Mar Apr May Jun Jul Aug Sep Oct Nov Dec
2019: Jan Feb Mar Apr May Jun Jul Aug Sep Oct Nov Dec
2018: Jan Feb Mar Apr May Jun Jul Aug Sep Oct Nov Dec
2017: Jan Feb Mar Apr May Jun Jul Aug Sep Oct Nov Dec
2016: Jan Feb Mar Apr May Jun Jul Aug Sep Oct Nov Dec
2015: Jan Feb Mar Apr May Jun Jul Aug Sep Oct Nov Dec
2014: Jan Feb Mar Apr May Jun Jul Aug Sep Oct Nov Dec
Report for 2018 October
Monthly Climatological Summary for Oct 2018 Name: KCACAMAR4 City: Camarillo State: California USA Elevation: 174 ft Lat: N 34° 13' 52" Lon: W 119° 01' 48" Temperature (°F), Rain (in), Wind Speed (mph) Heat Cool Avg Mean Deg Deg Wind Dom Day Temp High Time Low Time Days Days Rain Speed High Time Dir ---------------------------------------------------------------------------------- 1 73.0 91.1 14:11 60.4 05:57 1.0 9.0 0.00 0.1 12.0 14:50 WSW 2 70.1 82.8 14:13 64.0 03:04 0.1 5.1 0.00 0.0 11.0 15:11 WSW 3 69.2 76.0 11:21 65.0 23:48 0.0 4.2 0.01 0.0 7.0 16:21 --- 4 67.7 78.5 13:51 60.6 07:05 0.9 3.6 0.00 0.0 11.0 14:16 WSW 5 68.3 79.4 13:11 57.7 07:11 1.5 4.8 0.00 0.0 14.0 13:45 SW 6 66.0 77.6 13:00 57.2 06:35 2.8 3.7 0.00 0.0 11.0 15:00 WSW 7 66.1 79.4 12:27 55.9 07:42 3.3 4.4 0.01 0.1 15.0 14:50 WSW 8 65.3 77.6 12:40 53.6 05:42 3.4 3.7 0.00 0.1 13.0 14:50 WSW 9 66.9 77.5 11:24 57.7 23:53 1.5 3.4 0.00 0.1 13.0 12:02 WSW 10 63.3 75.2 13:50 55.7 02:46 3.9 2.2 0.00 0.1 13.0 15:48 SW 11 63.4 78.0 13:34 54.3 06:57 4.5 2.9 0.00 0.1 13.0 15:19 SW 12 64.9 79.3 13:56 51.8 05:51 4.0 3.9 0.08 0.1 10.0 11:59 WSW 13 66.5 76.2 13:26 62.0 00:37 1.1 2.6 0.06 0.0 10.0 00:46 SE 14 65.6 76.2 12:23 57.6 23:56 2.2 2.7 0.00 0.0 12.0 15:13 WSW 15 69.9 85.7 15:31 52.3 23:34 2.3 7.2 0.00 5.8 35.0 11:13 ENE 16 67.1 90.8 14:02 48.6 02:47 5.2 7.3 0.00 1.1 18.0 10:14 E 17 65.7 84.0 12:08 52.7 07:18 4.8 5.6 0.00 1.9 15.0 14:19 SE 18 68.0 91.8 12:05 54.0 04:28 3.9 6.9 0.00 1.3 14.0 13:12 E 19 73.2 92.9 14:05 57.3 04:16 2.2 10.4 0.00 3.2 29.0 15:04 ENE 20 71.0 95.2 14:07 53.1 06:17 3.5 9.5 0.00 0.6 20.0 10:29 ENE 21 66.7 80.7 12:04 55.6 04:57 2.8 4.4 0.00 0.0 12.0 13:28 WSW 22 63.7 76.3 13:01 52.3 06:55 4.3 2.9 0.00 0.0 8.0 14:19 WSW 23 63.9 78.4 14:47 54.5 05:14 4.5 3.3 0.01 0.0 6.0 12:56 ENE 24 65.1 79.1 14:07 54.4 07:24 3.9 4.0 0.00 0.0 5.0 14:06 ESE 25 63.8 77.0 12:02 52.4 03:46 4.8 3.6 0.00 0.0 7.0 12:43 --- 26 65.9 82.8 13:55 52.4 07:31 4.2 5.1 0.01 0.0 5.0 14:57 --- 27 64.5 81.6 12:59 50.3 06:43 4.8 4.3 0.00 0.0 7.0 15:43 --- 28 61.7 76.7 15:07 48.8 07:55 6.0 2.7 0.00 0.0 4.0 15:23 --- 29 60.8 76.3 15:22 48.3 07:21 6.4 2.2 0.00 0.0 2.0 21:55 --- 30 64.2 78.3 15:45 54.4 00:50 4.3 3.5 0.00 0.0 5.0 06:40 --- 31 70.5 87.4 14:40 53.4 23:57 1.4 7.0 0.00 1.4 26.0 10:56 ENE ---------------------------------------------------------------------------------- 66.5 95.2 20 48.3 29 99.5 146.1 0.18 0.5 35.0 15 E Max >= 85.0: 7 Max <= 65.0: 0 Min <= 60.0: 26 Min <= 40.0: 0 Max Rain: 0.08 on day 12 Days of Rain: 6 (>= 0.01 in) 0 (>= 0.10 in) 0 (>= 0.50 in) Heat Base: 65.0 Cool Base: 65.0 Method: Integration