NOAA-Style Climate Reports

Select a Year or Month report
2017: Jan Feb Mar Apr May Jun Jul Aug Sep Oct Nov Dec
2016: Jan Feb Mar Apr May Jun Jul Aug Sep Oct Nov Dec
2015: Jan Feb Mar Apr May Jun Jul Aug Sep Oct Nov Dec
2014: Jan Feb Mar Apr May Jun Jul Aug Sep Oct Nov Dec

Report for 2017 July
                   Monthly Climatological Summary for Jul 2017

Name: KCACAMAR4   City: Camarillo   State: California USA
Elevation: 174 ft  Lat: N 34° 13' 52"   Lon: W 119° 01' 48"

                  Temperature (°F), Rain (in), Wind Speed (mph)

                                      Heat  Cool        Avg
    Mean                              Deg   Deg         Wind                 Dom
Day Temp  High   Time   Low    Time   Days  Days  Rain  Speed High   Time    Dir
----------------------------------------------------------------------------------
 1  64.6  75.2   13:05  56.8   03:51   2.6   2.2  0.00   2.0  16.0   13:56   WSW
 2  68.3  79.1   12:16  60.2   23:59   0.8   4.1  0.00   2.2  15.0   13:28   WSW
 3  66.5  79.9   14:42  57.8   06:00   2.6   4.1  0.00   1.8  15.0   15:45   WSW
 4  66.6  81.4   14:21  56.8   04:44   2.4   4.0  0.00   2.1  14.0   11:11   WSW
 5  69.9  84.1   11:59  59.2   05:42   1.3   6.2  0.00   2.3  16.0   13:18   WSW
 6  71.2  85.0   14:12  60.3   06:14   1.0   7.2  0.00   2.0  14.0   11:24   WSW
 7  75.2  89.3   15:02  62.2   05:28   0.4  10.6  0.00   1.7  12.0   11:24   WSW
 8  77.1  93.0   13:33  64.0   05:37   0.0  12.2  0.00   2.1  14.0   15:40   WSW
 9  76.6  89.9   15:11  69.2   22:50   0.0  11.6  0.00   2.2  14.0   15:34   WSW
10  74.1  85.2   13:23  67.6   23:41   0.0   9.1  0.01   2.4  16.0   12:37   WSW
11  71.5  81.7   11:58  64.8   04:46   0.0   6.5  0.00   2.4  16.0   15:12   WSW
12  70.5  79.7   13:53  64.4   05:29   0.0   5.5  0.00   2.3  14.0   11:21   WSW
13  69.2  80.2   12:32  63.3   05:17   0.3   4.5  0.00   2.2  15.0   13:34   WSW
14  68.5  79.6   14:38  62.5   03:25   0.7   4.2  0.00   2.0  15.0   13:33   WSW
15  71.0  82.5   15:18  59.7   05:16   1.1   7.1  0.00   2.2  15.0   12:38   WSW
16  72.7  82.9   11:07  64.0   06:07   0.0   7.8  0.00   2.5  18.0   12:59   WSW
17  72.6  82.8   12:49  67.1   00:29   0.0   7.6  0.00   2.3  15.0   13:39   WSW
18  72.3  82.5   13:24  64.2   23:40   0.0   7.3  0.00   2.2  15.0   14:19   WSW
19  71.1  84.2   14:58  63.2   07:05   0.2   6.3  0.00   2.2  15.0   15:28   WSW
20  70.3  84.2   12:46  60.4   04:39   0.9   6.2  0.00   1.9  14.0   13:02   WSW
21  69.6  82.7   14:35  58.2   06:00   1.4   6.0  0.00   1.9  18.0   15:21   WSW
22  69.6  81.8   13:07  58.6   06:11   1.2   5.8  0.00   2.3  14.0   12:35   WSW
23  68.9  81.0   13:30  61.1   04:27   1.0   5.0  0.00   2.5  15.0   12:06   WSW
----------------------------------------------------------------------------------
    70.8  93.0     8    56.8     1    17.9 151.1  0.01   2.2  18.0    16     WSW

Max >=  85.0:  5
Max <=  65.0:  0
Min <=  60.0:  7
Min <=  40.0:  0
Max Rain: 0.01 on day 10
Days of Rain: 1 (>= 0.01 in)  0 (>= 0.10 in)  0 (>= 0.50 in)
Heat Base: 65.0  Cool Base: 65.0  Method: Integration