NOAA-Style Climate Reports
Select a Year or Month report
2024: Jan Feb Mar Apr May Jun Jul Aug Sep Oct Nov Dec
2023: Jan Feb Mar Apr May Jun Jul Aug Sep Oct Nov Dec
2022: Jan Feb Mar Apr May Jun Jul Aug Sep Oct Nov Dec
2021: Jan Feb Mar Apr May Jun Jul Aug Sep Oct Nov Dec
2020: Jan Feb Mar Apr May Jun Jul Aug Sep Oct Nov Dec
2019: Jan Feb Mar Apr May Jun Jul Aug Sep Oct Nov Dec
2018: Jan Feb Mar Apr May Jun Jul Aug Sep Oct Nov Dec
2017: Jan Feb Mar Apr May Jun Jul Aug Sep Oct Nov Dec
2016: Jan Feb Mar Apr May Jun Jul Aug Sep Oct Nov Dec
2015: Jan Feb Mar Apr May Jun Jul Aug Sep Oct Nov Dec
2014: Jan Feb Mar Apr May Jun Jul Aug Sep Oct Nov Dec
2024: Jan Feb Mar Apr May Jun Jul Aug Sep Oct Nov Dec
2023: Jan Feb Mar Apr May Jun Jul Aug Sep Oct Nov Dec
2022: Jan Feb Mar Apr May Jun Jul Aug Sep Oct Nov Dec
2021: Jan Feb Mar Apr May Jun Jul Aug Sep Oct Nov Dec
2020: Jan Feb Mar Apr May Jun Jul Aug Sep Oct Nov Dec
2019: Jan Feb Mar Apr May Jun Jul Aug Sep Oct Nov Dec
2018: Jan Feb Mar Apr May Jun Jul Aug Sep Oct Nov Dec
2017: Jan Feb Mar Apr May Jun Jul Aug Sep Oct Nov Dec
2016: Jan Feb Mar Apr May Jun Jul Aug Sep Oct Nov Dec
2015: Jan Feb Mar Apr May Jun Jul Aug Sep Oct Nov Dec
2014: Jan Feb Mar Apr May Jun Jul Aug Sep Oct Nov Dec
Report for 2024 March
Monthly Climatological Summary for Mar 2024 Name: KCACAMAR4 City: Camarillo State: California USA Elevation: 174 ft Lat: N 34° 13' 50" Lon: W 119° 01' 45" Temperature (°F), Rain (in), Wind Speed (mph) Heat Cool Avg Mean Deg Deg Wind Dom Day Temp High Time Low Time Days Days Rain Speed High Time Dir ---------------------------------------------------------------------------------- 01 56.4 64.2 13:58 51.0 03:33 8.6 0.0 0.49 2.7 17.0 21:06 SW 02 55.7 62.1 15:15 50.4 22:54 9.3 0.0 0.41 3.5 20.0 13:15 WSW 03 54.4 63.2 13:28 46.7 23:58 10.6 0.0 0.14 3.0 22.0 14:53 W 04 54.3 65.5 11:38 43.7 06:32 10.7 0.0 0.00 3.0 15.0 14:03 SE 05 55.6 66.4 14:46 44.6 06:25 9.4 0.1 0.00 2.9 13.0 13:31 SSW 06 53.7 59.7 09:16 46.7 23:52 11.3 0.0 1.06 1.4 9.0 07:18 ENE 07 54.8 67.3 14:01 43.6 06:24 10.4 0.2 0.01 2.7 20.0 14:42 SSW 08 57.0 75.1 12:00 45.8 04:06 9.1 1.1 0.00 3.4 20.0 12:20 E 09 56.6 70.8 14:17 45.7 06:18 9.2 0.8 0.00 2.9 15.0 14:45 S 10 56.5 71.0 14:48 44.7 07:03 8.9 0.8 0.00 2.8 13.0 15:28 SE 11 57.6 66.0 15:28 49.6 07:42 7.5 0.0 0.00 3.2 19.0 15:48 WSW 12 58.3 67.6 16:11 49.4 06:27 7.0 0.2 0.00 2.3 16.0 16:52 SSW 13 58.6 70.8 16:17 48.0 06:15 7.5 1.1 0.00 2.6 12.0 12:57 W 14 61.6 73.5 17:25 49.5 23:39 5.2 1.8 0.00 7.7 34.0 10:13 ENE 15 59.2 74.7 14:46 45.8 05:59 8.1 2.3 0.00 3.1 17.0 13:10 E 16 57.7 68.7 13:37 46.8 05:48 7.8 0.5 0.00 3.0 17.0 14:05 WSW 17 57.7 68.6 13:53 46.2 07:16 7.9 0.6 0.00 3.0 16.0 13:24 SW ---------------------------------------------------------------------------------- 56.8 75.1 8 43.6 7 148.5 9.6 2.11 3.1 34.0 14 S Max >= 85.0 0 Max <= 65.0 4 Min <= 60.0 17 Min <= 40.0 0 Max Rain: 1.06 on day 6 Days of Rain: 5 (>= 0.01 in) 4 (>= 0.10 in) 1 (>= 0.50 in) Heat Base: 65.0 Cool Base: 65.0 Method: Integration