NOAA-Style Climate Reports

Select a Year or Month report
2018: Jan Feb Mar Apr May Jun Jul Aug Sep Oct Nov Dec
2017: Jan Feb Mar Apr May Jun Jul Aug Sep Oct Nov Dec
2016: Jan Feb Mar Apr May Jun Jul Aug Sep Oct Nov Dec
2015: Jan Feb Mar Apr May Jun Jul Aug Sep Oct Nov Dec
2014: Jan Feb Mar Apr May Jun Jul Aug Sep Oct Nov Dec

Report for 2017 November
                   Monthly Climatological Summary for Nov 2017

Name: KCACAMAR4   City: Camarillo   State: California USA
Elevation: 174 ft  Lat: N 34° 13' 52"   Lon: W 119° 01' 48"

                  Temperature (°F), Rain (in), Wind Speed (mph)

                                      Heat  Cool        Avg
    Mean                              Deg   Deg         Wind                 Dom
Day Temp  High   Time   Low    Time   Days  Days  Rain  Speed High   Time    Dir
----------------------------------------------------------------------------------
 1  63.7  69.6   11:40  61.1   23:08   1.9   0.7  0.00   1.5  11.0   15:06   WSW
 2  62.5  68.6   13:39  56.4   23:55   3.0   0.4  0.00   1.6  14.0   16:26    SW
 3  62.5  72.3   13:35  55.9   06:07   3.8   1.3  0.01   2.8  15.0   14:38   WSW
 4  62.0  72.6   14:36  52.5   07:14   4.5   1.4  0.00   3.2  20.0   14:37   WSW
 5  62.3  71.3   13:11  53.0   22:58   3.9   1.1  0.00   2.1  15.0   13:17   WSW
 6  60.6  70.9   10:53  53.5   00:00   5.2   0.8  0.00   2.4  14.0   11:01   WSW
 7  61.2  74.2   13:36  52.9   03:53   5.5   1.8  0.00   2.7  12.0   12:43   ENE
 8  62.1  75.1   11:39  51.7   04:28   5.1   2.3  0.00   2.4  15.0   12:18    SW
 9  62.5  71.3   12:16  55.3   06:42   3.4   1.0  0.00   1.7  14.0   12:25   WSW
10  61.6  71.3   11:26  54.2   23:04   4.2   0.8  0.00   1.9  16.0   14:14    SW
11  59.2  71.4   12:06  50.5   06:15   6.9   1.1  0.00   3.0  14.0   13:04   ENE
12  58.2  69.8   11:23  50.0   05:38   7.3   0.5  0.00   2.4  12.0   13:14   ENE
13  58.4  73.9   12:56  48.4   06:05   8.0   1.4  0.00   2.4  11.0   06:48   ENE
14  60.6  76.3   11:56  48.0   06:42   6.6   2.3  0.00   2.4  12.0   12:00     E
15  62.4  75.4   13:31  52.8   00:24   4.7   2.1  0.00   2.7  13.0   04:07   ENE
16  63.4  75.7   12:38  55.5   06:03   3.2   1.7  0.04   2.3  10.0   13:24     E
17  62.0  71.6   12:58  53.5   23:54   4.1   1.2  0.00   1.9  16.0   13:06   WSW
18  59.6  80.1   12:47  46.1   06:32   8.3   2.9  0.00   2.5  19.0   12:34   ENE
19  59.9  78.5   12:36  47.8   06:44   7.8   2.7  0.00   2.5  14.0   09:57    NE
20  60.0  74.5   14:29  46.0   06:32   6.9   2.0  0.00   2.9  13.0   03:23   ENE
21  67.2  86.5   10:36  54.7   06:46   2.6   4.8  0.00   1.7   9.0   00:02   WNW
22  75.2  97.1   12:43  61.0   06:38   0.4  10.6  0.00   3.3  19.0   11:49   ENE
23  72.3  94.6   12:16  59.5   23:57   0.6   7.9  0.00   2.2  11.0   13:13   ENE
24  66.5  81.3   12:56  55.1   07:06   2.9   4.4  0.00   2.0  10.0   11:40     E
25  64.4  82.3   12:55  56.3   04:48   3.8   3.2  0.00   2.4  11.0   13:04   ENE
26  58.1  68.9   12:11  51.9   06:46   7.2   0.3  0.00   2.0  13.0   14:37   NNW
27  59.5  70.0   13:43  47.0   23:49   6.2   0.7  0.00   2.7  16.0   11:22   WSW
28  58.5  78.7   11:43  43.8   03:25   8.8   2.4  0.00   2.7  20.0   08:33   ENE
29  58.4  80.2   12:47  44.2   06:27   8.8   2.2  0.00   3.1  20.0   12:11   ENE
30  56.1  69.7   12:32  43.4   02:23   9.7   0.9  0.00   2.7  11.0   12:45   ENE
----------------------------------------------------------------------------------
    62.0  97.1    22    43.4    30   155.3  66.9  0.05   2.4  20.0     4     ENE

Max >=  85.0:  3
Max <=  65.0:  0
Min <=  60.0: 28
Min <=  40.0:  0
Max Rain: 0.04 on day 16
Days of Rain: 2 (>= 0.01 in)  0 (>= 0.10 in)  0 (>= 0.50 in)
Heat Base: 65.0  Cool Base: 65.0  Method: Integration