NOAA-Style Climate Reports

Select a Year or Month report
2018: Jan Feb Mar Apr May Jun Jul Aug Sep Oct Nov Dec
2017: Jan Feb Mar Apr May Jun Jul Aug Sep Oct Nov Dec
2016: Jan Feb Mar Apr May Jun Jul Aug Sep Oct Nov Dec
2015: Jan Feb Mar Apr May Jun Jul Aug Sep Oct Nov Dec
2014: Jan Feb Mar Apr May Jun Jul Aug Sep Oct Nov Dec

Report for 2017 August
                   Monthly Climatological Summary for Aug 2017

Name: KCACAMAR4   City: Camarillo   State: California USA
Elevation: 174 ft  Lat: N 34° 13' 52"   Lon: W 119° 01' 48"

                  Temperature (°F), Rain (in), Wind Speed (mph)

                                      Heat  Cool        Avg
    Mean                              Deg   Deg         Wind                 Dom
Day Temp  High   Time   Low    Time   Days  Days  Rain  Speed High   Time    Dir
----------------------------------------------------------------------------------
 1  72.2  88.9   14:59  62.4   03:40   0.5   7.7  0.00   1.9  13.0   11:45   WSW
 2  77.5  90.6   12:35  69.7   05:39   0.0  12.5  0.00   2.0  12.0   11:48   WSW
 3  77.7  88.0   11:03  70.2   06:14   0.0  12.7  0.00   2.1  16.0   15:50   WSW
 4  75.1  86.2   12:49  67.6   06:07   0.0  10.2  0.00   2.3  15.0   14:40   WSW
 5  71.7  82.5   14:54  65.4   03:40   0.0   6.7  0.00   2.5  15.0   14:02   WSW
 6  69.9  81.1   13:29  63.6   04:14   0.2   5.1  0.00   2.2  17.0   14:04   WSW
 7  69.7  81.2   13:39  61.6   03:37   0.8   5.5  0.00   2.1  16.0   13:34   WSW
 8  70.8  83.3   14:09  60.9   06:07   0.6   6.4  0.00   2.1  16.0   14:37   WSW
 9  69.8  82.0   13:41  59.9   06:17   0.9   5.7  0.00   2.0  14.0   11:34   WSW
10  70.0  81.2   14:50  60.5   06:22   0.8   5.8  0.00   2.2  16.0   13:14   WSW
11  69.3  82.7   13:44  60.8   03:55   1.0   5.3  0.00   2.0  14.0   13:56   WSW
12  67.3  80.5   14:13  59.6   03:33   1.5   3.9  0.00   1.9  14.0   11:53   WSW
13  68.1  81.1   13:27  62.1   23:19   0.7   3.8  0.00   1.9  14.0   13:12   WSW
14  67.9  78.4   12:35  61.9   00:04   0.9   3.8  0.00   2.4  16.0   14:06   WSW
15  68.2  76.8   13:37  62.4   23:53   0.5   3.7  0.00   2.7  15.0   14:20   WSW
16  67.5  79.0   13:39  58.7   04:36   1.5   4.0  0.00   2.3  16.0   14:35   WSW
17  67.6  79.4   14:50  57.7   06:02   1.9   4.5  0.00   2.7  16.0   14:24   WSW
18  67.8  80.3   12:49  59.6   07:00   1.5   4.4  0.00   2.4  14.0   13:03   WSW
19  68.2  78.7   13:01  61.0   02:39   1.0   4.2  0.00   2.2  16.0   15:59   WSW
20  68.5  77.5   13:09  63.8   22:37   0.1   3.6  0.00   2.6  15.0   12:38   WSW
21  70.1  81.7   13:44  62.4   23:57   0.1   5.2  0.00   2.3  16.0   14:00   WSW
22  68.3  82.7   13:50  57.1   06:19   2.0   5.3  0.00   2.6  15.0   14:42   WSW
23  67.2  75.6   15:08  62.8   01:14   0.4   2.6  0.00   2.2  13.0   13:27   WSW
24  68.2  79.6   13:38  64.0   02:28   0.1   3.4  0.00   2.0  14.0   14:36   WSW
25  68.8  79.2   14:13  63.2   06:20   0.3   4.1  0.00   2.6  16.0   14:54   WSW
26  71.0  82.2   12:57  64.8   22:48   0.0   6.0  0.00   2.1  15.0   14:39   WSW
27  69.5  81.4   15:44  63.4   03:05   0.4   4.9  0.00   1.8  12.0   12:27   WSW
28  70.9  83.5   14:47  62.5   06:12   0.6   6.4  0.00   1.7  12.0   12:03   WSW
29  74.5  90.3   14:49  63.9   04:52   0.1   9.6  0.00   1.9  12.0   12:50   WSW
30  76.4  91.1   14:00  65.2   06:21   0.0  11.4  0.00   1.8  12.0   12:04   WSW
31  79.4  95.9   13:38  67.8   04:11   0.0  14.4  0.00   2.0  13.0   04:57   WSW
----------------------------------------------------------------------------------
    70.6  95.9    31    57.1    22    18.4 192.8  0.00   2.2  17.0     6     WSW

Max >=  85.0:  7
Max <=  65.0:  0
Min <=  60.0:  6
Min <=  40.0:  0
Max Rain: 0.00 on day 0
Days of Rain: 0 (>= 0.01 in)  0 (>= 0.10 in)  0 (>= 0.50 in)
Heat Base: 65.0  Cool Base: 65.0  Method: Integration