NOAA-Style Climate Reports

Select a Year or Month report
2018: Jan Feb Mar Apr May Jun Jul Aug Sep Oct Nov Dec
2017: Jan Feb Mar Apr May Jun Jul Aug Sep Oct Nov Dec
2016: Jan Feb Mar Apr May Jun Jul Aug Sep Oct Nov Dec
2015: Jan Feb Mar Apr May Jun Jul Aug Sep Oct Nov Dec
2014: Jan Feb Mar Apr May Jun Jul Aug Sep Oct Nov Dec

Report for 2017 June
                   Monthly Climatological Summary for Jun 2017

Name: KCACAMAR4   City: Camarillo   State: California USA
Elevation: 174 ft  Lat: N 34° 13' 52"   Lon: W 119° 01' 48"

                  Temperature (°F), Rain (in), Wind Speed (mph)

                                      Heat  Cool        Avg
    Mean                              Deg   Deg         Wind                 Dom
Day Temp  High   Time   Low    Time   Days  Days  Rain  Speed High   Time    Dir
----------------------------------------------------------------------------------
 1  65.0  73.8   13:00  58.1   00:00   2.2   2.2  0.00   2.0  17.0   14:30   WSW
 2  65.5  77.4   14:24  55.3   05:00   2.7   3.1  0.00   2.7  15.0   12:42   WSW
 3  65.4  77.9   14:12  58.5   03:07   2.6   3.0  0.00   2.1  15.0   12:47   WSW
 4  63.4  74.6   14:42  58.1   03:24   3.4   1.8  0.00   1.9  16.0   15:38   WSW
 5  63.0  72.0   15:51  57.1   02:46   3.2   1.1  0.00   2.0  12.0   12:59    SW
 6  62.3  68.1   15:27  58.5   01:13   3.0   0.3  0.00   1.8  11.0   14:23   WSW
 7  63.4  70.6   12:20  59.2   03:09   2.6   1.0  0.01   2.1  14.0   14:15   WSW
 8  62.5  69.4   15:39  56.6   23:56   3.0   0.5  0.00   2.1  13.0   15:38   WSW
 9  63.6  75.6   13:23  53.5   05:14   3.9   2.5  0.00   3.4  18.0   13:36   WSW
10  64.2  71.0   13:24  58.8   23:24   2.3   1.5  0.00   2.4  14.0   14:04   WSW
11  62.5  72.1   13:19  55.6   02:39   3.7   1.3  0.00   2.7  17.0   15:48   WSW
12  61.8  74.5   15:19  49.8   05:49   5.4   2.2  0.00   3.1  16.0   15:38    SW
13  64.9  78.8   14:34  49.5   05:36   4.4   4.3  0.00   2.8  15.0   12:00   WSW
14  68.7  83.0   12:27  53.3   05:53   2.8   6.4  0.00   2.4  15.0   14:40   WSW
15  70.2  85.6   13:55  54.6   05:32   2.4   7.6  0.00   2.3  14.0   13:41   WSW
16  70.8  84.0   10:51  56.8   05:17   1.6   7.4  0.00   2.3  15.0   12:23   WSW
17  69.1  82.1   14:27  56.2   05:54   1.8   5.8  0.00   2.1  15.0   14:54   WSW
18  68.2  79.0   15:16  60.4   04:49   1.4   4.6  0.00   2.1  14.0   10:46   WSW
19  67.9  83.0   13:28  58.0   05:29   1.8   4.7  0.00   2.2  15.0   14:06   WSW
20  68.9  81.2   15:11  60.6   05:53   1.4   5.3  0.00   2.2  12.0   12:34   WSW
21  69.9  83.1   14:59  60.1   05:27   1.2   6.2  0.00   2.2  14.0   15:42   WSW
22  66.7  78.4   12:23  60.5   03:30   1.5   3.2  0.00   2.2  16.0   13:23   WSW
23  65.5  73.5   10:45  61.9   04:31   1.4   1.9  0.00   2.2  14.0   13:20   WSW
24  67.2  76.7   13:01  60.4   04:11   1.3   3.5  0.00   2.5  13.0   13:52   WSW
25  69.9  85.1   13:51  58.5   05:41   1.6   6.5  0.00   1.9  14.0   16:06   WSW
26  70.9  86.9   13:40  57.8   06:05   1.6   7.5  0.00   2.1  18.0   15:59    SW
27  68.1  82.8   14:43  56.0   05:58   2.5   5.6  0.00   2.4  14.0   15:14   WSW
28  66.0  78.7   14:01  58.8   06:04   2.5   3.5  0.00   2.5  14.0   13:13   WSW
29  65.4  76.3   14:02  57.1   03:17   2.5   2.9  0.00   2.2  14.0   12:55   WSW
30  65.0  75.5   14:37  58.0   02:25   2.4   2.4  0.00   2.2  14.0   15:53   WSW
----------------------------------------------------------------------------------
    66.2  86.9    26    49.5    13    74.1 109.8  0.01   2.3  18.0     9     WSW

Max >=  85.0:  3
Max <=  65.0:  0
Min <=  60.0: 24
Min <=  40.0:  0
Max Rain: 0.01 on day 7
Days of Rain: 1 (>= 0.01 in)  0 (>= 0.10 in)  0 (>= 0.50 in)
Heat Base: 65.0  Cool Base: 65.0  Method: Integration