NOAA-Style Climate Reports

Select a Year or Month report
2018: Jan Feb Mar Apr May Jun Jul Aug Sep Oct Nov Dec
2017: Jan Feb Mar Apr May Jun Jul Aug Sep Oct Nov Dec
2016: Jan Feb Mar Apr May Jun Jul Aug Sep Oct Nov Dec
2015: Jan Feb Mar Apr May Jun Jul Aug Sep Oct Nov Dec
2014: Jan Feb Mar Apr May Jun Jul Aug Sep Oct Nov Dec

Report for 2017 May
                   Monthly Climatological Summary for May 2017

Name: KCACAMAR4   City: Camarillo   State: California USA
Elevation: 174 ft  Lat: N 34° 13' 52"   Lon: W 119° 01' 48"

                  Temperature (°F), Rain (in), Wind Speed (mph)

                                      Heat  Cool        Avg
    Mean                              Deg   Deg         Wind                 Dom
Day Temp  High   Time   Low    Time   Days  Days  Rain  Speed High   Time    Dir
----------------------------------------------------------------------------------
 1  66.1  81.0   14:35  50.6   06:20   4.0   5.1  0.00   2.5  15.0   13:26    SW
 2  67.5  82.5   14:14  54.3   05:09   2.9   5.5  0.00   2.6  14.0   13:41    SW
 3  66.5  82.6   15:09  55.2   05:57   2.9   4.4  0.00   2.1  14.0   13:03   WSW
 4  61.9  75.6   14:33  55.6   06:29   4.9   1.8  0.00   2.8  15.0   16:58    SW
 5  58.7  67.7   14:28  54.7   04:28   6.5   0.2  0.00   2.1  16.0   15:29    SW
 6  57.9  65.7   16:01  52.4   22:36   7.1   0.0  0.04   3.4  26.0   17:02   WSW
 7  54.3  66.4   14:42  47.6   06:18  10.7   0.0  0.09   2.2  17.0   18:14    SW
 8  59.4  74.6   12:04  46.1   05:30   7.5   2.1  0.00   3.3  16.0   14:33   WSW
 9  62.2  76.7   13:23  51.1   02:54   5.0   2.2  0.00   2.5  14.0   14:05     E
10  62.4  65.7   14:24  58.0   23:56   2.7   0.0  0.00   2.6  13.0   16:11   SSW
11  61.9  73.1   13:13  52.6   06:00   4.7   1.5  0.00   2.3  16.0   13:25   WSW
12  60.1  71.7   13:13  52.4   03:50   5.9   1.0  0.00   3.1  18.0   14:37    SW
13  61.5  74.8   13:36  50.0   06:21   5.8   2.3  0.00   3.0  18.0   14:14    SW
14  59.1  70.2   14:20  48.0   05:38   6.9   1.0  0.00   3.2  17.0   15:30   WSW
15  58.5  68.1   14:43  49.4   03:26   6.9   0.4  0.00   3.1  17.0   12:49    SW
16  57.7  67.3   12:08  47.5   06:12   7.5   0.3  0.00   3.4  17.0   12:28    SW
17  59.2  70.9   14:21  49.4   06:11   6.5   0.7  0.00   3.1  17.0   13:59    SW
18  62.6  74.1   14:51  50.7   04:55   5.0   2.6  0.00   3.1  17.0   14:03    SW
19  69.0  90.2   11:35  50.9   06:08   3.7   7.7  0.00   3.6  24.0   10:17   WSW
20  70.7  88.4   10:56  56.5   05:29   2.1   7.8  0.00   3.3  17.0   11:59   WSW
21  68.0  84.3   14:57  56.0   06:11   2.5   5.5  0.00   2.2  14.0   11:59   WSW
22  63.1  74.9   11:42  55.9   06:10   4.1   2.2  0.00   2.1  15.0   13:19   WSW
23  62.5  80.2   15:30  55.5   06:49   4.4   1.8  0.00   2.4  16.0   10:47   WSW
24  59.7  71.3   13:21  54.6   07:35   6.0   0.7  0.00   2.4  17.0   15:05   WSW
25  61.1  68.9   14:02  57.1   04:17   4.2   0.3  0.00   2.5  17.0   16:04   WSW
26  62.0  71.1   14:35  54.3   23:58   3.7   0.7  0.00   2.8  14.0   13:30    SW
27  61.0  73.2   13:47  50.0   05:47   5.8   1.8  0.00   3.1  18.0   14:17   WSW
28  62.3  75.3   13:44  49.7   06:10   5.2   2.5  0.00   2.4  16.0   13:57   WSW
29  61.1  72.3   14:40  54.9   03:27   4.9   1.1  0.00   2.1  15.0   11:39   WSW
30  61.6  72.7   14:04  55.8   00:34   4.5   1.1  0.00   2.0  14.0   14:49   WSW
31  62.1  69.8   15:00  58.0   05:49   3.6   0.7  0.00   1.4  12.0   16:00   WSW
----------------------------------------------------------------------------------
    62.0  90.2    19    46.1     8   158.1  65.0  0.13   2.7  26.0     6      SW

Max >=  85.0:  2
Max <=  65.0:  0
Min <=  60.0: 31
Min <=  40.0:  0
Max Rain: 0.09 on day 7
Days of Rain: 2 (>= 0.01 in)  0 (>= 0.10 in)  0 (>= 0.50 in)
Heat Base: 65.0  Cool Base: 65.0  Method: Integration