Warning: reset() expects parameter 1 to be array, null given in /home/tisabooks/public_html/get-metar-conditions-inc.php on line 651

Warning: Invalid argument supplied for foreach() in /home/tisabooks/public_html/get-metar-conditions-inc.php on line 656
CamarilloWeather.com - NOAA-Style Climate Reports

NOAA-Style Climate Reports

Select a Year or Month report
2018: Jan Feb Mar Apr May Jun Jul Aug Sep Oct Nov Dec
2017: Jan Feb Mar Apr May Jun Jul Aug Sep Oct Nov Dec
2016: Jan Feb Mar Apr May Jun Jul Aug Sep Oct Nov Dec
2015: Jan Feb Mar Apr May Jun Jul Aug Sep Oct Nov Dec
2014: Jan Feb Mar Apr May Jun Jul Aug Sep Oct Nov Dec

Report for 2017 February
                   Monthly Climatological Summary for Feb 2017

Name: KCACAMAR4   City: Camarillo   State: California USA
Elevation: 174 ft  Lat: N 34° 13' 52"   Lon: W 119° 01' 48"

                  Temperature (°F), Rain (in), Wind Speed (mph)

                                      Heat  Cool        Avg
    Mean                              Deg   Deg         Wind                 Dom
Day Temp  High   Time   Low    Time   Days  Days  Rain  Speed High   Time    Dir
----------------------------------------------------------------------------------
 1  54.7  69.5   11:49  43.1   05:39  10.6   0.3  0.00   2.7  15.0   14:29    NE
 2  55.7  62.9   14:08  46.9   02:48   9.3   0.0  0.00   1.8  10.0   09:13   ENE
 3  57.7  63.2   15:02  55.3   03:58   7.2   0.0  0.17   1.7  11.0   14:26    NE
 4  57.8  64.3   13:16  54.9   23:47   7.2   0.0  0.00   1.7  12.0   12:06   WSW
 5  54.2  60.5   13:06  47.8   06:40  10.8   0.0  0.04   1.3  10.0   13:46   ENE
 6  56.2  60.7   14:55  52.6   01:51   8.8   0.0  1.02   2.5  13.0   06:24    NE
 7  58.9  62.7   12:28  56.3   04:19   6.1   0.0  0.13   1.9  12.0   12:05   WSW
 8  62.1  70.7   15:09  59.0   00:01   3.5   0.7  0.11   1.0   8.0   13:09   WSW
 9  60.9  70.3   11:27  57.0   07:40   4.5   0.4  0.00   2.0  11.0   05:06   WSW
10  58.9  62.9   13:22  57.2   22:13   6.1   0.0  0.40   1.6  14.0   03:59    NE
11  57.9  65.6   13:08  52.9   23:38   7.1   0.0  0.03   1.9  16.0   13:18   WSW
12  59.3  76.4   13:19  47.1   07:08   8.1   2.4  0.00   2.9  19.0   11:08   ENE
13  60.6  78.4   13:09  48.8   05:51   6.7   2.3  0.00   2.8  14.0   11:53    NE
14  57.3  69.7   12:29  49.4   04:51   8.1   0.4  0.00   2.3  16.0   13:22     W
15  57.8  80.8   11:54  46.4   03:46   8.5   1.3  0.00   2.2  17.0   11:59    SW
16  55.3  64.7   14:48  44.7   06:16   9.7   0.0  0.03   2.1  13.0   11:54   NNE
17  55.8  58.7   14:16  52.0   23:59   9.2   0.0  2.40   3.9  37.0   14:35   ESE
18  53.7  60.8   14:49  48.3   23:51  11.2   0.0  0.59   3.1  15.0   15:17   NNE
19  54.4  63.5   12:06  48.5   00:00  10.6   0.0  0.21   2.0  15.0   12:43   WSW
20  55.7  60.3   13:40  52.1   00:00   9.3   0.0  0.21   2.2  10.0   07:18    NE
21  58.0  61.2   12:38  55.3   23:57   7.0   0.0  0.05   0.8   8.0   23:44    NE
22  55.7  65.7   14:20  44.8   23:49   9.3   0.0  0.00   2.1  17.0   15:38   WSW
23  49.6  61.0   15:22  39.4   06:28  15.4   0.0  0.00   2.8  14.0   13:00    NE
24  49.0  64.1   12:39  36.9   03:39  16.0   0.0  0.00   3.0  14.0   13:47    NE
25  49.1  60.9   12:08  38.6   06:44  15.9   0.0  0.00   3.1  14.0   13:13    NE
26  51.7  62.4   14:08  45.1   03:06  13.2   0.0  0.19   2.9  15.0   11:36     E
27  52.2  58.9   15:12  45.9   23:59  12.8   0.0  0.00   2.2  10.0   11:26    NE
28  51.9  65.2   11:58  41.8   05:53  13.1   0.0  0.00   3.2  15.0   12:49    NE
----------------------------------------------------------------------------------
    55.8  80.8    15    36.9    24   265.3   7.8  5.58   2.3  37.0    17      NE

Max >=  85.0:  0
Max <=  65.0: 18
Min <=  60.0: 28
Min <=  40.0:  3
Max Rain: 2.40 on day 17
Days of Rain: 14 (>= 0.01 in)  10 (>= 0.10 in)  3 (>= 0.50 in)
Heat Base: 65.0  Cool Base: 65.0  Method: Integration