NOAA-Style Climate Reports

Select a Year or Month report
2018: Jan Feb Mar Apr May Jun Jul Aug Sep Oct Nov Dec
2017: Jan Feb Mar Apr May Jun Jul Aug Sep Oct Nov Dec
2016: Jan Feb Mar Apr May Jun Jul Aug Sep Oct Nov Dec
2015: Jan Feb Mar Apr May Jun Jul Aug Sep Oct Nov Dec
2014: Jan Feb Mar Apr May Jun Jul Aug Sep Oct Nov Dec

Report for 2016 December
                   Monthly Climatological Summary for Dec 2016

Name: KCACAMAR4   City: Camarillo   State: California USA
Elevation: 174 ft  Lat: N 34° 13' 52"   Lon: W 119° 01' 48"

                  Temperature (°F), Rain (in), Wind Speed (mph)

                                      Heat  Cool        Avg
    Mean                              Deg   Deg         Wind                 Dom
Day Temp  High   Time   Low    Time   Days  Days  Rain  Speed High   Time    Dir
----------------------------------------------------------------------------------
 1  53.7  69.8   12:48  44.5   23:14  11.7   0.4  0.00   3.2  14.0   11:10    NE
 2  56.3  67.6   12:51  42.2   01:21   8.8   0.2  0.00   5.6  25.0   11:43   ENE
 3  57.9  73.4   14:20  45.5   05:41   8.4   1.3  0.00   3.0  20.0   01:07    NE
 4  58.1  72.0   13:27  45.4   07:07   7.7   0.8  0.00   2.3  12.0   02:35   ENE
 5  52.9  65.4   12:49  42.7   04:55  12.1   0.0  0.00   2.5  13.0   14:18   NNE
 6  53.2  66.0   12:53  46.9   05:50  11.8   0.0  0.00   2.2  14.0   14:26    NE
 7  52.8  67.3   12:21  44.1   04:44  12.3   0.1  0.00   3.1  13.0   10:56   ENE
 8  55.4  66.5   12:41  45.1   02:53   9.6   0.0  0.00   2.5  11.0   13:47    NW
 9  59.4  66.8   12:08  54.3   06:29   5.6   0.1  0.00   2.0  17.0   13:09   WNW
10  58.9  62.6   11:37  55.8   07:13   6.1   0.0  0.01   1.6  10.0   13:09   ESE
11  60.3  68.8   11:41  55.6   07:16   4.9   0.2  0.00   1.3  12.0   12:35   WSW
12  58.5  65.6   12:54  54.5   07:19   6.5   0.0  0.00   1.3  13.0   14:19   WSW
13  56.7  65.7   12:52  50.4   23:00   8.3   0.0  0.00   1.5  12.0   14:16   WNW
14  55.7  68.9   12:52  47.9   03:04   9.7   0.4  0.00   2.0  11.0   15:14   NNE
15  55.8  62.1   12:12  50.0   00:00   9.2   0.0  0.49   1.5  11.0   13:52    NE
16  55.5  60.9   13:30  45.1   23:56   9.5   0.0  0.37   3.9  26.0   13:44     W
17  48.2  62.4   13:23  38.2   05:51  16.7   0.0  0.00   2.5  11.0   13:58    NE
18  52.3  62.5   12:59  36.1   06:12  12.7   0.0  0.00   8.2  35.0   12:07   ENE
19  59.2  68.3   13:28  53.1   06:15   6.2   0.4  0.00  10.7  33.0   11:28   ENE
20  64.3  77.9   13:32  53.0   06:46   3.7   3.0  0.00   5.4  18.0   14:08   ENE
21  60.6  66.0   11:32  52.3   22:53   4.4   0.0  0.12   6.3  30.0   22:07   ENE
22  57.8  70.3   13:13  48.8   23:56   7.8   0.6  0.16   5.0  24.0   00:06   ENE
23  53.6  61.9   12:05  48.8   00:00  11.4   0.0  1.38   3.2  18.0   20:59   ENE
24  49.2  59.2   13:04  39.9   23:46  15.8   0.0  0.03   2.0  20.0   12:42   WNW
25  45.9  57.1   12:25  35.5   06:48  19.1   0.0  0.00   2.6  12.0   14:55   ENE
26  53.0  60.3   14:17  44.2   00:00  12.0   0.0  0.00   8.4  32.0   13:37   ENE
27  58.7  73.1   13:23  50.2   05:25   7.6   1.3  0.00   5.6  19.0   11:31   ENE
28  63.3  78.3   14:18  51.0   03:12   4.8   3.2  0.00   5.8  21.0   10:21   ENE
29  68.3  80.0   12:29  60.8   03:59   1.1   4.4  0.00   5.6  20.0   12:48   ENE
30  56.6  62.6   00:00  52.9   04:38   8.1   0.0  0.75   2.6  18.0   09:49   ESE
31  51.6  55.7   09:58  42.6   23:56  13.2   0.0  0.05   1.4  16.0   12:09     W
----------------------------------------------------------------------------------
    56.2  80.0    29    35.5    25   286.8  16.4  3.36   3.7  35.0    18     ENE

Max >=  85.0:  0
Max <=  65.0: 11
Min <=  60.0: 30
Min <=  40.0:  4
Max Rain: 1.38 on day 23
Days of Rain: 9 (>= 0.01 in)  6 (>= 0.10 in)  2 (>= 0.50 in)
Heat Base: 65.0  Cool Base: 65.0  Method: Integration