NOAA-Style Climate Reports

Select a Year or Month report
2018: Jan Feb Mar Apr May Jun Jul Aug Sep Oct Nov Dec
2017: Jan Feb Mar Apr May Jun Jul Aug Sep Oct Nov Dec
2016: Jan Feb Mar Apr May Jun Jul Aug Sep Oct Nov Dec
2015: Jan Feb Mar Apr May Jun Jul Aug Sep Oct Nov Dec
2014: Jan Feb Mar Apr May Jun Jul Aug Sep Oct Nov Dec

Report for 2016 July
                   Monthly Climatological Summary for Jul 2016

Name: KCACAMAR4   City: Camarillo   State: California USA
Elevation: 174 ft  Lat: N 34° 13' 52"   Lon: W 119° 01' 48"

                  Temperature (°F), Rain (in), Wind Speed (mph)

                                      Heat  Cool        Avg
    Mean                              Deg   Deg         Wind                 Dom
Day Temp  High   Time   Low    Time   Days  Days  Rain  Speed High   Time    Dir
----------------------------------------------------------------------------------
 1  69.0  82.7   14:05  58.1   04:26   1.9   5.9  0.00   2.5  16.0   12:54   WSW
 2  69.4  83.1   11:48  59.7   06:16   1.0   5.4  0.00   2.5  19.0   13:47   WSW
 3  68.2  79.8   11:25  61.7   23:49   1.1   4.3  0.00   2.7  16.0   11:31   WSW
 4  68.6  81.6   11:39  61.4   00:19   1.1   4.7  0.00   3.2  15.0   11:49     W
 5  68.1  82.1   13:52  62.3   01:17   0.9   4.0  0.00   2.3  19.0   15:17   WSW
 6  68.4  80.8   14:19  60.5   23:58   1.0   4.4  0.00   2.3  15.0   14:15   WSW
 7  68.0  84.0   13:04  57.8   03:00   1.9   4.9  0.00   2.2  17.0   13:10   WSW
 8  68.4  82.7   12:30  58.2   04:19   1.9   5.3  0.00   1.9  16.0   14:00   WSW
 9  70.0  84.7   15:28  58.7   03:16   1.6   6.6  0.00   2.3  17.0   12:12   WSW
10  70.6  84.7   13:47  59.1   06:13   1.1   6.7  0.00   2.4  16.0   12:36   WSW
11  69.9  85.0   11:40  58.1   06:07   1.7   6.7  0.00   2.9  17.0   12:18   WSW
12  68.5  83.2   13:51  57.2   05:00   2.0   5.5  0.00   2.3  19.0   14:03   WSW
13  69.5  85.5   13:01  57.0   06:04   2.0   6.5  0.00   2.4  16.0   16:30   WSW
14  70.1  83.7   14:08  60.8   03:44   1.2   6.3  0.00   2.3  15.0   12:14   WSW
15  70.4  82.3   11:57  62.9   05:58   0.4   5.8  0.00   2.5  16.0   12:47   WSW
16  69.9  83.2   13:58  61.8   23:34   0.8   5.7  0.00   2.3  15.0   13:36   WSW
17  69.2  81.2   13:36  61.6   05:26   0.9   5.1  0.00   2.6  17.0   14:09   WSW
18  71.3  84.9   13:46  63.1   23:58   0.2   6.4  0.00   2.4  14.0   11:50   WSW
19  70.8  87.7   15:08  57.2   05:43   1.8   7.7  0.00   2.4  17.0   13:43   WSW
20  73.4  92.1   12:47  59.0   06:20   1.3   9.7  0.00   2.4  16.0   15:22   WSW
21  74.8  93.2   13:55  59.5   06:31   1.0  10.9  0.00   2.1  13.0   12:49   WSW
22  77.7  97.5   13:47  60.3   06:00   0.6  13.3  0.00   2.1  13.0   13:18   WSW
23  75.4  94.5   14:45  58.8   06:24   0.9  11.4  0.00   2.1  14.0   14:58   WSW
24  73.1  85.8   11:43  61.5   05:20   0.4   8.4  0.00   2.4  18.0   12:47   WSW
25  74.0  86.1   12:04  66.6   23:55   0.0   9.1  0.00   2.4  15.0   15:01   WSW
26  73.1  85.9   14:43  63.9   02:29   0.2   8.2  0.00   2.1  14.0   14:12   WSW
27  74.0  87.1   14:53  63.7   05:33   0.1   9.1  0.00   2.1  15.0   13:44   WSW
28  73.7  86.6   15:03  63.6   05:59   0.1   8.8  0.00   2.0  15.0   14:03   WSW
29  72.9  87.1   13:27  63.4   05:35   0.2   8.0  0.00   2.1  15.0   13:01   WSW
30  72.2  83.4   14:36  63.4   05:48   0.1   7.3  0.00   2.2  17.0   12:53   WSW
31  73.1  84.0   12:28  66.4   02:33   0.0   8.1  0.00   2.3  16.0   13:38   WSW
----------------------------------------------------------------------------------
    71.2  97.5    22    57.0    13    29.4 220.2  0.00   2.3  19.0     2     WSW

Max >=  85.0: 13
Max <=  65.0:  0
Min <=  60.0: 13
Min <=  40.0:  0
Max Rain: 0.00 on day 0
Days of Rain: 0 (>= 0.01 in)  0 (>= 0.10 in)  0 (>= 0.50 in)
Heat Base: 65.0  Cool Base: 65.0  Method: Integration