NOAA-Style Climate Reports

Select a Year or Month report
2018: Jan Feb Mar Apr May Jun Jul Aug Sep Oct Nov Dec
2017: Jan Feb Mar Apr May Jun Jul Aug Sep Oct Nov Dec
2016: Jan Feb Mar Apr May Jun Jul Aug Sep Oct Nov Dec
2015: Jan Feb Mar Apr May Jun Jul Aug Sep Oct Nov Dec
2014: Jan Feb Mar Apr May Jun Jul Aug Sep Oct Nov Dec

Report for 2016 June
                   Monthly Climatological Summary for Jun 2016

Name: KCACAMAR4   City: Camarillo   State: California USA
Elevation: 174 ft  Lat: N 34° 13' 52"   Lon: W 119° 01' 48"

                  Temperature (°F), Rain (in), Wind Speed (mph)

                                      Heat  Cool        Avg
    Mean                              Deg   Deg         Wind                 Dom
Day Temp  High   Time   Low    Time   Days  Days  Rain  Speed High   Time    Dir
----------------------------------------------------------------------------------
 1  64.8  77.1   14:26  60.0   00:13   2.1   2.0  0.00   2.2  17.0   15:13   WSW
 2  66.8  80.9   15:02  58.2   23:59   2.2   4.1  0.00   1.9  13.0   13:08   WSW
 3  67.0  86.6   15:23  56.0   04:13   3.7   5.7  0.00   2.0  12.0   11:16   WSW
 4  65.5  82.0   12:58  57.0   06:07   2.9   3.4  0.00   2.4  14.0   09:55   WSW
 5  63.3  75.9   14:50  57.1   05:57   3.6   1.9  0.00   2.1  14.0   13:56   WSW
 6  64.3  77.0   13:47  58.0   04:14   2.9   2.2  0.00   2.5  17.0   16:59   WSW
 7  64.4  76.1   14:56  58.0   23:59   2.9   2.4  0.00   2.2  16.0   14:58   WSW
 8  64.5  77.6   13:30  56.7   05:29   3.4   2.9  0.00   2.2  15.0   12:26   WSW
 9  65.4  78.8   14:30  55.8   04:52   3.3   3.7  0.00   2.4  17.0   14:03   WSW
10  65.8  78.6   12:17  57.4   02:17   2.7   3.5  0.00   1.9  16.0   12:48   WSW
11  65.4  74.6   17:39  57.2   05:24   1.9   2.3  0.00   1.6  12.0   14:31   ESE
12  66.5  77.3   14:30  59.2   23:59   1.0   2.5  0.00   2.5  17.0   15:17    SW
13  63.7  76.8   12:15  54.3   05:38   3.9   2.6  0.00   3.1  17.0   14:51   WSW
14  61.5  71.8   15:32  53.7   04:00   4.5   1.0  0.00   1.9  14.0   15:47   WSW
15  62.8  75.3   13:47  54.1   02:14   4.2   2.1  0.00   2.3  17.0   16:04   WSW
16  65.4  81.1   11:57  51.0   05:28   4.3   4.7  0.00   2.6  19.0   13:27   WSW
17  68.5  85.6   12:45  53.9   05:39   3.2   6.7  0.00   2.4  16.0   14:02   WSW
18  69.9  85.9   14:47  54.6   06:00   2.5   7.4  0.00   2.0  14.0   16:51   WSW
19  74.2  94.5   13:03  55.8   06:15   2.0  11.2  0.00   1.9  13.0   13:09   WSW
20  78.8 105.6   14:18  61.2   06:09   0.5  14.3  0.00   2.1  13.0   10:44   WSW
21  72.5  90.3   12:41  62.0   05:21   0.4   7.9  0.00   2.3  21.0   15:39     W
22  69.3  84.4   13:46  59.6   23:56   0.9   5.2  0.00   2.4  15.0   13:47   WSW
23  67.1  82.2   12:45  55.5   05:45   3.0   5.1  0.00   2.1  15.0   14:32   WSW
24  66.8  82.1   15:09  59.8   02:30   1.9   3.7  0.00   2.0  15.0   14:11   WSW
25  68.4  85.4   14:57  57.1   04:03   2.1   5.5  0.00   2.0  13.0   16:23   WSW
26  70.6  85.4   13:23  61.6   06:30   0.7   6.3  0.00   2.4  14.0   13:27   WSW
27  72.0  86.2   13:49  60.4   05:58   0.7   7.8  0.00   2.3  14.0   14:46   WSW
28  72.3  85.1   15:19  63.8   06:25   0.1   7.4  0.00   2.2  15.0   14:06   WSW
29  71.3  85.0   14:02  64.0   04:06   0.1   6.5  0.00   2.2  14.0   14:33   WSW
30  69.7  83.8   13:09  60.5   23:54   1.1   5.9  0.00   2.4  15.0   15:30   WSW
----------------------------------------------------------------------------------
    67.6 105.6    20    51.0    16    68.7 147.9  0.00   2.2  21.0    21     WSW

Max >=  85.0: 11
Max <=  65.0:  0
Min <=  60.0: 23
Min <=  40.0:  0
Max Rain: 0.00 on day 0
Days of Rain: 0 (>= 0.01 in)  0 (>= 0.10 in)  0 (>= 0.50 in)
Heat Base: 65.0  Cool Base: 65.0  Method: Integration