NOAA-Style Climate Reports

Select a Year or Month report
2018: Jan Feb Mar Apr May Jun Jul Aug Sep Oct Nov Dec
2017: Jan Feb Mar Apr May Jun Jul Aug Sep Oct Nov Dec
2016: Jan Feb Mar Apr May Jun Jul Aug Sep Oct Nov Dec
2015: Jan Feb Mar Apr May Jun Jul Aug Sep Oct Nov Dec
2014: Jan Feb Mar Apr May Jun Jul Aug Sep Oct Nov Dec

Report for 2016 May
                   Monthly Climatological Summary for May 2016

Name: KCACAMAR4   City: Camarillo   State: California USA
Elevation: 174 ft  Lat: N 34° 13' 52"   Lon: W 119° 01' 48"

                  Temperature (°F), Rain (in), Wind Speed (mph)

                                      Heat  Cool        Avg
    Mean                              Deg   Deg         Wind                 Dom
Day Temp  High   Time   Low    Time   Days  Days  Rain  Speed High   Time    Dir
----------------------------------------------------------------------------------
 1  61.4  77.7   13:36  48.9   05:34   6.2   2.6  0.00   2.9  19.0   13:10     W
 2  61.7  75.9   15:04  53.1   03:45   5.4   2.0  0.00   2.2  16.0   12:33   WSW
 3  63.0  81.2   14:37  51.7   06:28   5.5   3.4  0.00   2.2  15.0   12:53   WSW
 4  60.3  68.5   15:35  54.2   03:28   5.1   0.4  0.00   2.3  15.0   12:27   WSW
 5  62.2  71.7   14:00  56.3   00:14   3.9   1.1  0.00   2.2  17.0   13:57    SW
 6  61.2  69.4   14:27  55.7   02:00   4.4   0.5  0.02   2.4  18.0   14:53   WSW
 7  63.0  75.3   14:05  55.3   05:15   4.0   2.0  0.00   2.4  17.0   13:54    SW
 8  63.2  75.1   12:08  52.8   06:15   3.9   2.1  0.00   2.9  16.0   13:50   WSW
 9  63.4  73.8   12:16  58.1   23:58   3.3   1.7  0.00   2.6  16.0   14:24   WSW
10  61.6  74.4   14:36  51.9   06:14   4.9   1.5  0.00   2.4  14.0   13:43     W
11  62.7  75.1   14:55  58.1   03:21   3.7   1.5  0.00   2.0  16.0   15:21   WSW
12  63.8  76.5   15:02  57.1   06:16   3.8   2.6  0.00   2.2  15.0   13:04   WSW
13  63.9  77.3   15:27  57.3   00:36   3.7   2.7  0.00   2.0  16.0   16:28   WSW
14  63.2  74.6   14:28  57.6   00:24   3.1   1.2  0.00   2.0  16.0   13:37   WSW
15  63.7  75.4   15:04  55.7   23:57   2.9   1.7  0.00   2.3  14.0   14:34   WSW
16  62.2  76.6   14:02  51.3   04:09   5.0   2.3  0.00   2.5  16.0   16:24   WSW
17  63.2  77.0   14:34  52.9   04:04   4.1   2.4  0.00   2.2  18.0   15:47   WSW
18  62.9  76.1   12:37  54.6   03:14   4.1   2.0  0.00   1.9  17.0   13:48   WSW
19  62.8  68.9   16:09  57.7   23:45   2.8   0.6  0.00   1.9  14.0   17:48   WSW
20  61.6  71.8   12:24  53.3   05:39   4.7   1.3  0.00   3.1  17.0   12:46   WSW
21  60.1  71.5   12:49  48.4   06:02   6.4   1.5  0.00   3.7  19.0   12:55   WSW
22  62.2  76.2   11:58  49.0   05:59   5.5   2.8  0.00   3.5  18.0   13:59   WSW
23  61.9  74.7   13:30  49.8   05:50   5.5   2.3  0.00   3.3  18.0   13:21   WSW
24  63.3  76.3   14:54  55.5   04:33   3.9   2.2  0.00   2.9  17.0   12:05   WSW
25  63.2  74.9   13:46  56.2   23:57   3.6   1.8  0.00   3.1  16.0   12:38    SW
26  62.6  76.0   14:32  51.7   05:55   4.9   2.5  0.00   3.1  17.0   15:14   WSW
27  63.2  77.6   13:54  51.9   05:31   4.9   3.2  0.00   2.8  15.0   13:06   WSW
28  61.2  76.5   11:53  51.8   04:22   5.2   1.5  0.00   2.3  16.0   12:22   WSW
29  63.0  74.0   14:33  58.1   05:16   3.3   1.4  0.00   2.2  15.0   12:39   WSW
30  64.5  76.1   13:08  56.6   06:34   3.0   2.5  0.00   2.8  17.0   13:53   WSW
31  64.6  76.5   14:23  56.9   03:37   3.1   2.7  0.00   2.2  18.0   13:36   WSW
----------------------------------------------------------------------------------
    62.6  81.2     3    48.4    21   133.8  60.0  0.02   2.5  19.0     1     WSW

Max >=  85.0:  0
Max <=  65.0:  0
Min <=  60.0: 31
Min <=  40.0:  0
Max Rain: 0.02 on day 6
Days of Rain: 1 (>= 0.01 in)  0 (>= 0.10 in)  0 (>= 0.50 in)
Heat Base: 65.0  Cool Base: 65.0  Method: Integration