NOAA-Style Climate Reports

Select a Year or Month report
2018: Jan Feb Mar Apr May Jun Jul Aug Sep Oct Nov Dec
2017: Jan Feb Mar Apr May Jun Jul Aug Sep Oct Nov Dec
2016: Jan Feb Mar Apr May Jun Jul Aug Sep Oct Nov Dec
2015: Jan Feb Mar Apr May Jun Jul Aug Sep Oct Nov Dec
2014: Jan Feb Mar Apr May Jun Jul Aug Sep Oct Nov Dec

Report for 2015 July
                   Monthly Climatological Summary for Jul 2015

Name: KCACAMAR4   City: Camarillo   State: California USA
Elevation: 174 ft  Lat: N 34° 13' 52"   Lon: W 119° 01' 48"

                  Temperature (°F), Rain (in), Wind Speed (mph)

                                      Heat  Cool        Avg
    Mean                              Deg   Deg         Wind                 Dom
Day Temp  High   Time   Low    Time   Days  Days  Rain  Speed High   Time    Dir
----------------------------------------------------------------------------------
 1  71.8  86.0   12:44  64.1   06:06   0.0   6.8  0.00   2.1  12.0   15:11   WSW
 2  72.0  87.8   13:58  64.2   23:57   0.0   7.0  0.00   2.2  19.0   14:34   WSW
 3  68.1  82.2   14:56  61.0   04:31   1.4   4.5  0.00   2.2  16.0   14:03   WSW
 4  68.1  80.8   13:33  61.4   02:37   1.2   4.4  0.00   2.5  16.0   13:17   WSW
 5  67.1  80.0   14:18  62.4   05:10   0.9   3.0  0.00   2.3  16.0   15:19   WSW
 6  66.7  80.8   15:07  60.0   23:55   1.2   2.9  0.00   2.3  17.0   16:04   WSW
 7  65.3  79.6   12:15  57.3   03:28   2.3   2.6  0.00   2.1  16.0   14:09    SW
 8  66.9  75.0   12:20  59.8   02:46   1.3   3.2  0.00   2.1  15.0   16:29   WSW
 9  67.8  79.4   14:38  60.4   04:44   1.1   3.9  0.00   2.8  16.0   14:06   WSW
10  67.9  78.2   13:18  58.9   06:24   1.2   4.1  0.00   2.8  17.0   13:25   WSW
11  68.9  82.2   15:28  58.3   06:21   1.5   5.3  0.00   2.2  17.0   13:00   WSW
12  70.4  82.2   13:14  58.6   06:18   1.3   6.7  0.00   2.6  16.0   12:48   WSW
13  70.0  84.1   12:28  59.1   04:09   1.4   6.3  0.00   2.7  17.0   13:55   WSW
14  68.4  80.2   14:22  59.0   03:53   1.6   5.0  0.00   2.3  15.0   11:54   WSW
15  68.4  80.0   13:43  59.4   04:14   1.5   4.9  0.00   2.5  19.0   13:43   WSW
16  68.2  79.3   13:26  60.3   02:49   1.2   4.5  0.00   2.2  14.0   12:05   WSW
17  67.7  79.6   15:01  59.9   06:12   1.6   4.2  0.00   2.5  16.0   14:39   WSW
18  66.9  81.5   12:59  57.6   05:58   1.8   3.7  0.68   2.4  16.0   14:22   ENE
19  77.0  88.1   12:42  68.4   03:09   0.0  12.0  0.10   3.5  20.0   14:23    NW
20  76.6  85.2   11:19  70.7   21:56   0.0  11.6  0.00   2.4  15.0   16:57   WSW
21  72.0  79.3   16:40  67.9   03:33   0.0   7.0  0.01   2.5  14.0   14:19   WSW
22  70.9  80.4   15:18  66.5   05:18   0.0   5.9  0.00   2.0  15.0   15:09   WSW
23  71.5  80.3   15:20  65.5   03:42   0.0   6.5  0.00   2.0  17.0   14:22   WSW
24  72.5  83.4   14:46  62.5   05:59   0.2   7.7  0.00   2.4  15.0   16:29   WSW
25  73.3  86.7   14:27  61.7   06:30   0.3   8.5  0.00   2.6  16.0   16:06   WSW
26  70.6  82.3   13:18  61.9   05:21   0.3   5.9  0.00   2.2  17.0   16:13   WSW
27  69.5  81.4   13:22  60.6   06:18   0.8   5.3  0.00   2.4  15.0   14:34   WSW
28  69.9  82.1   14:59  59.8   04:34   1.0   5.9  0.00   2.2  14.0   13:16   WSW
29  70.1  80.7   14:39  64.1   06:17   0.1   5.2  0.00   2.3  14.0   13:47   WSW
30  72.5  84.4   15:07  65.3   05:38   0.0   7.5  0.00   2.0  13.0   14:22   WSW
31  73.2  83.7   12:52  66.2   05:51   0.0   8.2  0.00   2.2  16.0   14:03   WSW
----------------------------------------------------------------------------------
    70.0  88.1    19    57.3     7    25.2 180.2  0.79   2.4  20.0    19     WSW

Max >=  85.0:  5
Max <=  65.0:  0
Min <=  60.0: 12
Min <=  40.0:  0
Max Rain: 0.68 on day 18
Days of Rain: 3 (>= 0.01 in)  2 (>= 0.10 in)  1 (>= 0.50 in)
Heat Base: 65.0  Cool Base: 65.0  Method: Integration