NOAA-Style Climate Reports

Select a Year or Month report
2018: Jan Feb Mar Apr May Jun Jul Aug Sep Oct Nov Dec
2017: Jan Feb Mar Apr May Jun Jul Aug Sep Oct Nov Dec
2016: Jan Feb Mar Apr May Jun Jul Aug Sep Oct Nov Dec
2015: Jan Feb Mar Apr May Jun Jul Aug Sep Oct Nov Dec
2014: Jan Feb Mar Apr May Jun Jul Aug Sep Oct Nov Dec

Report for 2014 August
                   Monthly Climatological Summary for Aug 2014

Name: KCACAMAR4   City: Camarillo   State: California USA
Elevation: 174 ft  Lat: N 34° 13' 52"   Lon: W 119° 01' 48"

                  Temperature (°F), Rain (in), Wind Speed (mph)

                                      Heat  Cool        Avg
    Mean                              Deg   Deg         Wind                 Dom
Day Temp  High   Time   Low    Time   Days  Days  Rain  Speed High   Time    Dir
----------------------------------------------------------------------------------
 1  69.8  81.2   13:25  62.3   06:07   0.7   5.5  0.00   2.4  15.0   13:46   WSW
 2  70.3  78.5   12:53  63.0   02:46   0.4   5.7  0.00   2.0  13.0   14:42   WSW
 3  72.9  80.0   13:51  66.9   04:13   0.0   7.9  0.05   1.9  11.0   05:11    SW
 4  69.3  81.6   12:28  61.2   05:27   0.9   5.3  0.00   2.5  16.0   13:50   WSW
 5  68.2  81.0   13:53  61.1   03:30   1.2   4.4  0.00   2.8  15.0   13:59   WSW
 6  67.4  76.8   13:57  62.6   04:10   0.8   3.3  0.00   2.6  15.0   12:34   WSW
 7  68.7  79.3   14:20  61.7   02:03   0.8   4.4  0.00   2.7  16.0   11:58   WSW
 8  68.6  81.5   14:45  59.5   04:37   1.2   4.7  0.00   2.3  15.0   13:03   WSW
 9  69.1  80.0   15:00  64.1   00:01   0.2   4.3  0.00   2.6  14.0   14:17   WSW
10  69.7  81.2   12:45  63.5   23:58   0.1   4.8  0.00   2.3  16.0   14:28   WSW
11  69.2  80.5   12:23  60.1   06:36   1.1   5.2  0.00   2.5  16.0   10:52   WSW
12  69.4  82.0   13:42  61.1   06:13   0.7   5.1  0.00   2.5  16.0   14:40   WSW
13  68.1  78.3   14:28  59.3   05:37   1.3   4.4  0.00   2.4  15.0   14:21   WSW
14  69.4  80.8   12:15  62.4   22:40   0.5   4.9  0.00   2.5  14.0   13:45   WSW
15  68.2  82.8   13:59  58.5   06:21   1.8   4.9  0.00   2.4  14.0   14:40   WSW
16  69.4  85.7   15:16  57.5   06:14   1.8   6.2  0.00   2.3  14.0   16:05   WSW
17  69.5  84.6   14:33  58.0   06:34   1.5   6.0  0.00   2.4  14.0   14:20   WSW
18  69.2  84.0   14:53  57.7   06:06   1.8   6.0  0.00   2.5  15.0   13:40   WSW
19  68.4  79.1   14:11  59.2   03:30   1.3   4.8  0.00   2.9  19.0   15:34   WSW
20  70.6  81.1   14:19  63.2   23:54   0.1   5.7  0.00   2.5  16.0   13:06   WSW
21  68.8  80.9   14:48  59.2   06:03   1.3   5.1  0.00   2.6  16.0   15:55   WSW
22  68.9  80.7   13:18  60.7   06:21   0.9   4.8  0.00   2.8  15.0   12:18   WSW
23  69.8  79.8   11:48  62.6   23:01   0.2   4.9  0.00   2.5  17.0   13:17   WSW
24  68.5  80.4   13:22  60.4   23:56   0.7   4.2  0.00   2.8  16.0   13:01   WSW
25  65.4  76.1   13:15  57.0   02:53   2.6   3.0  0.00   2.5  14.0   13:17   WSW
26  67.6  82.5   13:39  55.1   06:39   2.7   5.3  0.00   2.9  15.0   13:27   WSW
27  73.3  91.5   14:27  58.5   06:33   1.3   9.7  0.00   2.6  15.0   14:22   WSW
28  72.2  86.6   14:21  63.2   06:49   0.1   7.3  0.00   3.0  14.0   14:50   WSW
29  69.3  84.2   13:44  56.2   06:18   1.9   6.2  0.00   2.3  15.0   13:04   WSW
30  70.9  84.1   12:58  58.3   05:32   1.4   7.4  0.00   2.0  14.0   14:51   WSW
31  72.3  86.8   14:42  61.1   06:45   0.5   7.8  0.00   2.4  15.0   16:32   WSW
----------------------------------------------------------------------------------
    69.4  91.5    27    55.1    26    31.8 169.2  0.05   2.5  19.0    19     WSW

Max >=  85.0:  4
Max <=  65.0:  0
Min <=  60.0: 13
Min <=  40.0:  0
Max Rain: 0.05 on day 3
Days of Rain: 1 (>= 0.01 in)  0 (>= 0.10 in)  0 (>= 0.50 in)
Heat Base: 65.0  Cool Base: 65.0  Method: Integration