NOAA-Style Climate Reports

Select a Year or Month report
2018: Jan Feb Mar Apr May Jun Jul Aug Sep Oct Nov Dec
2017: Jan Feb Mar Apr May Jun Jul Aug Sep Oct Nov Dec
2016: Jan Feb Mar Apr May Jun Jul Aug Sep Oct Nov Dec
2015: Jan Feb Mar Apr May Jun Jul Aug Sep Oct Nov Dec
2014: Jan Feb Mar Apr May Jun Jul Aug Sep Oct Nov Dec

Report for 2014 April
                   Monthly Climatological Summary for Apr 2014

Name: KCACAMAR4   City: Camarillo   State: California USA
Elevation: 174 ft  Lat: N 34° 13' 52"   Lon: W 119° 01' 48"

                  Temperature (°F), Rain (in), Wind Speed (mph)

                                      Heat  Cool        Avg
    Mean                              Deg   Deg         Wind                 Dom
Day Temp  High   Time   Low    Time   Days  Days  Rain  Speed High   Time    Dir
----------------------------------------------------------------------------------
 1  55.2  63.5   13:24  46.8   07:04   9.8   0.0  0.02   2.2   9.8   16:11    SW
 2  53.1  62.1   14:53  44.8   06:53  11.9   0.0  0.04   2.0   8.5   12:08    SW
 3  54.9  66.9   13:22  42.6   06:54  10.2   0.2  0.00   2.1   7.6   15:18   ESE
 4  56.2  65.7   12:47  47.8   06:30   8.8   0.0  0.00   1.9   7.8   17:02     S
 5  58.6  71.2   16:39  46.8   06:15   7.5   1.1  0.00   1.6   7.4   12:03   SSE
 6  63.5  77.5   11:16  48.9   04:22   5.7   4.1  0.00   2.4  11.4   10:24     E
 7  67.7  82.4   16:47  53.8   04:51   3.4   6.1  0.00   2.1   6.3   00:46   ESE
 8  68.3  86.9   15:08  52.3   05:53   3.5   6.8  0.00   2.0   7.4   14:10   ESE
 9  63.4  81.5   13:09  50.5   07:14   5.7   4.2  0.00   1.3   6.5   15:22   SSW
10  58.9  73.0   12:55  45.3   06:26   7.7   1.6  0.00   1.2   6.7   23:43     S
11  61.0  74.5   15:23  51.8   06:50   5.6   1.6  0.00   1.8   7.6   00:09   SSW
12  59.4  68.5   14:39  54.3   23:40   6.0   0.4  0.00   1.5   8.1   16:37   SSW
13  59.2  68.7   14:57  51.1   02:52   6.4   0.7  0.00   1.5   8.3   13:32   SSW
14  61.4  76.8   16:47  48.2   06:28   6.2   2.6  0.00   1.6   6.5   11:30   SSW
15  61.2  72.7   14:09  49.8   05:55   5.7   1.9  0.00   1.3   6.7   14:30   SSW
16  60.2  71.6   14:36  49.5   06:03   6.2   1.4  0.00   1.4   6.7   14:28   SSW
17  61.0  71.4   15:01  52.0   05:50   5.1   1.1  0.00   1.5   6.3   15:41    SW
18  63.8  73.0   13:27  57.2   23:49   3.1   1.9  0.00   1.4   8.3   14:43   SSW
19  62.4  75.4   14:38  51.1   06:25   4.8   2.3  0.00   1.5   8.7   16:24   SSW
20  63.8  76.5   15:38  52.7   06:27   4.4   3.1  0.00   1.4   7.4   15:56   SSW
21  62.9  75.4   15:51  52.5   06:23   4.5   2.4  0.00   1.4   7.6   11:53   SSW
22  61.5  73.2   16:07  54.7   05:41   5.0   1.5  0.00   1.5   7.6   10:07   SSE
23  61.3  75.7   16:50  47.8   06:15   6.4   2.7  0.00   1.7   8.3   15:09     S
24  62.6  77.4   14:34  46.9   06:11   5.9   3.5  0.00   1.6   9.2   15:44   SSW
25  59.4  70.2   12:08  50.7   04:55   6.4   0.9  0.00   2.1   9.2   15:45    SW
26  57.8  66.6   14:18  50.2   06:28   7.3   0.1  0.00   2.9  10.5   12:32    SW
27  59.0  73.8   15:41  46.4   06:10   7.7   1.6  0.00   1.9   8.9   14:28     S
28  64.8  82.8   16:34  48.7   06:33   4.9   4.8  0.00   1.6   6.5   14:00     S
29  77.2  91.8   16:05  63.3   23:58   0.1  12.3  0.00   5.3  22.4   13:29    NE
30  76.0  90.7   16:27  57.2   02:45   1.0  12.0  0.00   6.8  26.8   09:14    NE
----------------------------------------------------------------------------------
    61.9  91.8    29    42.6     3   176.9  82.9  0.06   2.0  26.8    30       S

Max >=  85.0:  3
Max <=  65.0:  2
Min <=  60.0: 29
Min <=  40.0:  0
Max Rain: 0.04 on day 2
Days of Rain: 2 (>= 0.01 in)  0 (>= 0.10 in)  0 (>= 0.50 in)
Heat Base: 65.0  Cool Base: 65.0  Method: Integration