NOAA-Style Climate Reports

Select a Year or Month report
2018: Jan Feb Mar Apr May Jun Jul Aug Sep Oct Nov Dec
2017: Jan Feb Mar Apr May Jun Jul Aug Sep Oct Nov Dec
2016: Jan Feb Mar Apr May Jun Jul Aug Sep Oct Nov Dec
2015: Jan Feb Mar Apr May Jun Jul Aug Sep Oct Nov Dec
2014: Jan Feb Mar Apr May Jun Jul Aug Sep Oct Nov Dec

Report for 2014 March
                   Monthly Climatological Summary for Mar 2014

Name: KCACAMAR4   City: Camarillo   State: California USA
Elevation: 174 ft  Lat: N 34° 13' 52"   Lon: W 119° 01' 48"

                  Temperature (°F), Rain (in), Wind Speed (mph)

                                      Heat  Cool        Avg
    Mean                              Deg   Deg         Wind                 Dom
Day Temp  High   Time   Low    Time   Days  Days  Rain  Speed High   Time    Dir
----------------------------------------------------------------------------------
 1  57.0  63.5   10:07  53.6   22:52   8.0   0.0  0.74   1.8   9.2   11:03    SE
 2  57.2  64.4   15:28  53.4   04:17   7.8   0.0  0.02   1.3   5.4   15:44    NE
 3  59.4  70.2   13:12  51.8   05:09   6.2   0.7  0.00   1.1   6.7   15:17   SSW
 4  60.0  71.2   15:06  50.4   05:20   6.1   1.0  0.00   1.4   6.5   12:57     S
 5  61.4  70.5   12:09  56.1   05:54   4.3   0.7  0.00   1.0   7.4   13:10   SSW
 6  61.9  70.7   14:08  54.1   05:29   4.4   1.2  0.00   1.6   8.5   11:28   SSE
 7  62.6  78.3   13:14  50.0   06:45   5.4   3.0  0.00   1.4   9.4   11:59    NE
 8  68.9  84.0   15:21  50.7   01:51   2.6   6.5  0.00   3.8  14.3   11:23    NE
 9  70.8  85.5   14:07  58.8   00:00   1.1   6.6  0.00   2.2  10.3   10:29   ENE
10  63.9  76.6   13:09  53.6   06:26   4.1   3.0  0.00   1.8   7.8   13:18     E
11  62.7  77.2   12:17  50.0   07:44   5.1   2.8  0.00   2.2  13.4   12:05    NE
12  67.8  78.4   15:52  57.6   23:52   1.0   3.9  0.00   6.3  21.5   10:11    NE
13  60.7  70.7   14:49  50.0   07:34   5.5   1.3  0.00   1.5   8.5   15:22   SSW
14  59.9  72.9   14:52  47.7   07:20   6.7   1.6  0.00   1.7   6.0   12:25   SSE
15  64.4  83.5   12:08  49.5   06:19   5.1   4.5  0.00   1.8  10.7   10:54     E
16  69.5  86.0   15:46  54.5   06:54   3.0   7.5  0.00   1.8   9.2   13:21   SSE
17  62.4  74.8   15:03  49.6   07:01   5.0   2.4  0.00   1.9   8.7   15:48     S
18  61.5  77.7   13:00  50.0   07:30   6.1   2.6  0.00   2.2  15.4   11:31   ENE
19  60.5  73.0   11:10  46.0   07:11   6.7   2.2  0.00   1.4   9.8   13:15    SW
20  57.6  68.7   15:18  47.5   07:20   7.9   0.5  0.00   1.7   7.8   16:53     S
21  59.0  68.4   15:17  52.9   06:55   6.3   0.4  0.00   1.4   8.1   13:11   SSW
22  59.3  68.4   13:16  52.7   23:56   6.1   0.3  0.00   1.3   7.6   15:40   SSW
23  57.3  68.7   14:12  47.5   06:52   8.1   0.4  0.00   1.5   6.7   14:36   SSW
24  59.8  69.8   14:46  52.2   02:32   5.7   0.8  0.00   1.3   8.5   16:42   SSW
25  58.3  61.9   16:01  55.4   23:52   6.7   0.0  0.00   1.0   4.7   13:02   SSW
26  58.1  65.3   14:50  52.5   06:59   6.9   0.0  0.01   3.0  10.5   12:36    SW
27  57.2  68.7   14:40  46.2   05:50   8.3   0.5  0.00   1.8   7.6   00:18   SSW
28  58.2  69.1   16:00  48.0   06:26   7.5   0.7  0.00   1.8   6.3   16:40   SSE
29  59.3  72.3   12:30  48.4   06:44   7.2   1.5  0.00   1.9   8.5   15:41     S
30  60.1  70.5   14:22  50.9   07:10   5.8   0.9  0.00   1.9   8.7   16:54    SW
31  56.0  64.9   14:08  45.9   07:12   9.0   0.0  0.11   2.2  10.7   14:10   SSW
----------------------------------------------------------------------------------
    61.1  86.0    16    45.9    31   179.7  57.5  0.88   1.9  21.5    12     SSE

Max >=  85.0:  2
Max <=  65.0:  4
Min <=  60.0: 31
Min <=  40.0:  0
Max Rain: 0.74 on day 1
Days of Rain: 4 (>= 0.01 in)  2 (>= 0.10 in)  1 (>= 0.50 in)
Heat Base: 65.0  Cool Base: 65.0  Method: Integration