NOAA-Style Climate Reports

Select a Year or Month report
2018: Jan Feb Mar Apr May Jun Jul Aug Sep Oct Nov Dec
2017: Jan Feb Mar Apr May Jun Jul Aug Sep Oct Nov Dec
2016: Jan Feb Mar Apr May Jun Jul Aug Sep Oct Nov Dec
2015: Jan Feb Mar Apr May Jun Jul Aug Sep Oct Nov Dec
2014: Jan Feb Mar Apr May Jun Jul Aug Sep Oct Nov Dec

Report for 2014 February
                   Monthly Climatological Summary for Feb 2014

Name: KACAMAR4   City: Camarillo   State: CA
Elevation: 57 m  Lat: N 34° 13' 52"   Lon: W 119° 01' 48"

                  Temperature (°F), Rain (in), Wind Speed (mph)

                                      Heat  Cool        Avg
    Mean                              Deg   Deg         Wind                 Dom
Day Temp  High   Time   Low    Time   Days  Days  Rain  Speed High   Time    Dir
----------------------------------------------------------------------------------
 1  51.5  65.5   12:54  39.2   06:45  13.6   0.0  0.00   1.8   9.8   12:18    NE
 2  50.7  63.0   12:26  43.5   01:21  14.3   0.0  0.06   2.4   7.6   13:21    NE
 3  51.7  63.1   15:08  41.4   07:04  13.3   0.0  0.00   1.6   6.9   16:03   ENE
 4  51.2  63.0   12:43  40.6   04:58  13.8   0.0  0.00   1.8   6.9   07:50    NE
 5  52.5  63.7   12:09  42.3   05:52  12.5   0.0  0.00   1.8   7.8   13:25   ENE
 6  53.9  61.9   11:49  50.4   04:42  11.1   0.0  0.23   1.4   5.6   11:57   ENE
 7  55.8  63.9   12:54  49.5   06:02   9.2   0.0  0.00   1.1   6.0   14:45   SSE
 8  56.7  62.6   11:36  52.0   01:58   8.3   0.0  0.06   1.0   5.1   12:43   SSW
 9  59.0  66.6   12:34  55.0   23:51   6.1   0.1  0.00   1.1   6.3   13:37   ESE
10  59.6  70.5   13:52  50.4   07:10   6.4   0.9  0.00   1.4   6.9   15:59     E
11  60.1  72.5   15:33  48.4   06:00   6.3   1.4  0.00   1.6   6.3   22:09   ENE
15  54.4  58.6   20:34  51.3   01:56   3.0   0.0  0.00   0.3   6.0   03:22    NE
16  59.9  71.6   12:36  50.0   07:08   6.4   1.4  0.00   1.2   7.2   14:58   SSW
17  54.9  68.4   12:26  45.5   07:00   8.1   0.3  0.00   1.3   6.9   12:37   SSE
18  55.9  66.4   12:14  46.9   06:43   9.1   0.0  0.00   1.5   6.0   13:32     E
19  57.6  68.2   14:50  50.4   01:59   7.8   0.4  0.00   1.1   5.8   12:55    SE
20  64.9  82.8   14:50  48.6   02:34   4.8   4.7  0.00   3.8  17.9   09:18    NE
21  62.4  77.7   12:40  52.5   06:46   5.3   2.8  0.00   2.2   6.9   12:42    NE
22  58.7  72.1   14:28  47.1   07:01   7.7   1.4  0.00   1.4   5.8   11:07    SE
23  57.3  68.7   12:12  44.6   06:37   8.3   0.6  0.00   1.4   8.5   12:06   SSW
24  56.9  68.9   13:50  45.3   06:52   8.6   0.6  0.00   1.4   7.8   13:58     S
25  58.5  68.2   12:46  48.2   07:19   6.9   0.4  0.00   1.7   7.6   13:24     S
26  59.5  66.4   13:52  55.8   06:37   5.6   0.1  0.49   1.1   6.3   06:56    NE
27  61.2  69.8   12:18  55.9   06:29   4.6   0.9  0.84   1.4   7.6   14:15   SSE
28  57.6  63.1   10:39  55.0   02:16   7.4   0.0  1.44   3.2  14.1   05:39   SSE
----------------------------------------------------------------------------------
    56.9  82.8    20    39.2     1   208.5  16.0  3.12   1.6  17.9    20       E

Max >=  85.0:  0
Max <=  65.0:  9
Min <=  60.0: 25
Min <=  40.0:  1
Max Rain: 1.44 on day 28
Days of Rain: 6 (>= 0.01 in)  4 (>= 0.10 in)  2 (>= 0.50 in)
Heat Base: 65.0  Cool Base: 65.0  Method: Integration