NOAA-Style Climate Reports

Select a Year or Month report
2018: Jan Feb Mar Apr May Jun Jul Aug Sep Oct Nov Dec
2017: Jan Feb Mar Apr May Jun Jul Aug Sep Oct Nov Dec
2016: Jan Feb Mar Apr May Jun Jul Aug Sep Oct Nov Dec
2015: Jan Feb Mar Apr May Jun Jul Aug Sep Oct Nov Dec
2014: Jan Feb Mar Apr May Jun Jul Aug Sep Oct Nov Dec

Report for 2017 March
                   Monthly Climatological Summary for Mar 2017

Name: KCACAMAR4   City: Camarillo   State: California USA
Elevation: 174 ft  Lat: N 34° 13' 52"   Lon: W 119° 01' 48"

                  Temperature (°F), Rain (in), Wind Speed (mph)

                                      Heat  Cool        Avg
    Mean                              Deg   Deg         Wind                 Dom
Day Temp  High   Time   Low    Time   Days  Days  Rain  Speed High   Time    Dir
----------------------------------------------------------------------------------
 1  58.1  74.5   14:12  40.7   05:49   9.2   2.3  0.00   4.7  24.0   12:12   ENE
 2  65.8  79.3   13:34  51.5   22:04   3.4   4.3  0.00   6.3  25.0   07:44   ENE
 3  64.6  81.4   12:11  51.0   23:48   4.2   3.8  0.00   3.9  18.0   05:55     E
 4  56.5  71.1   14:03  46.9   06:52   9.1   0.7  0.00   2.1  12.0   15:06     N
 5  52.7  62.0   14:29  41.0   23:58  12.3   0.0  0.02   3.2  26.0   17:04   WSW
 6  50.3  63.7   14:47  37.7   06:39  14.7   0.0  0.00   3.1  13.0   12:08    NE
 7  57.4  76.0   12:21  41.5   06:21   9.5   1.9  0.00   3.4  14.0   14:20    NE
 8  65.1  86.6   13:05  50.6   05:49   5.5   5.6  0.00   3.7  20.0   10:38   ENE
 9  64.1  79.3   15:07  49.0   06:13   4.8   4.0  0.00   2.2  11.0   12:46   WSW
10  63.7  77.6   12:38  52.5   05:23   4.4   3.1  0.00   2.5  10.0   01:34   NNE
11  63.7  79.4   13:58  50.7   05:04   4.5   3.3  0.00   2.6  12.0   11:19   WSW
12  61.4  75.5   16:12  48.7   07:06   5.4   1.9  0.00   2.3  12.0   23:23    SW
13  60.2  75.4   12:59  49.8   05:45   7.0   2.2  0.00   1.6  11.0   13:19    SW
14  61.1  78.7   15:27  48.5   06:13   6.5   2.5  0.00   1.8  10.0   16:28    SW
15  61.6  77.0   11:48  51.3   07:18   5.4   2.1  0.00   1.9  14.0   11:49   WSW
16  60.7  74.6   15:22  48.7   05:52   6.3   2.0  0.00   1.7  13.0   14:07   WSW
17  59.0  72.0   12:35  49.3   06:00   7.0   1.1  0.00   1.9  12.0   14:54   WSW
18  58.7  70.4   15:57  52.3   08:37   6.9   0.5  0.00   1.9  13.0   13:38   WSW
19  57.5  70.4   12:09  48.3   07:37   7.8   0.3  0.00   2.3  15.0   12:40   WSW
20  60.4  69.2   13:12  56.1   00:48   5.0   0.4  0.00   2.3  16.0   16:00    SW
21  58.8  61.4   11:23  56.0   06:26   6.2   0.0  0.20   2.5  13.0   09:19    NE
22  59.2  67.9   14:04  51.8   23:44   5.9   0.1  0.01   2.8  19.0   17:41   WSW
23  56.3  69.8   13:54  45.9   06:29   9.2   0.5  0.00   2.6  18.0   14:28   WSW
24  56.9  68.5   13:36  47.1   06:34   8.5   0.3  0.00   3.4  19.0   14:06   WSW
25  58.8  68.0   13:04  52.6   03:50   6.4   0.2  0.02   2.6  15.0   13:23    SW
26  57.3  67.7   12:43  48.0   06:13   7.9   0.3  0.00   3.0  15.0   13:14    SW
27  59.7  73.5   14:49  48.6   05:44   6.8   1.5  0.00   2.9  19.0   16:44   WSW
28  63.0  79.5   13:24  47.7   06:53   5.6   3.5  0.00   3.4  19.0   14:13    NE
29  68.5  86.2   11:33  56.8   05:21   2.4   5.9  0.00   3.8  18.0   15:00   NNE
30  61.0  71.9   17:37  49.4   06:45   5.4   1.4  0.00   3.3  21.0   13:48   WSW
31  60.5  71.9   12:14  47.4   07:04   5.8   1.4  0.00   3.1  16.0   12:57     W
----------------------------------------------------------------------------------
    60.1  86.6     8    37.7     6   209.0  57.1  0.25   2.9  26.0     5       W

Max >=  85.0:  2
Max <=  65.0:  3
Min <=  60.0: 31
Min <=  40.0:  1
Max Rain: 0.20 on day 21
Days of Rain: 4 (>= 0.01 in)  1 (>= 0.10 in)  0 (>= 0.50 in)
Heat Base: 65.0  Cool Base: 65.0  Method: Integration