NOAA-Style Climate Reports

Select a Year or Month report
2018: Jan Feb Mar Apr May Jun Jul Aug Sep Oct Nov Dec
2017: Jan Feb Mar Apr May Jun Jul Aug Sep Oct Nov Dec
2016: Jan Feb Mar Apr May Jun Jul Aug Sep Oct Nov Dec
2015: Jan Feb Mar Apr May Jun Jul Aug Sep Oct Nov Dec
2014: Jan Feb Mar Apr May Jun Jul Aug Sep Oct Nov Dec

Report for 2017 January
                   Monthly Climatological Summary for Jan 2017

Name: KCACAMAR4   City: Camarillo   State: California USA
Elevation: 174 ft  Lat: N 34° 13' 52"   Lon: W 119° 01' 48"

                  Temperature (°F), Rain (in), Wind Speed (mph)

                                      Heat  Cool        Avg
    Mean                              Deg   Deg         Wind                 Dom
Day Temp  High   Time   Low    Time   Days  Days  Rain  Speed High   Time    Dir
----------------------------------------------------------------------------------
 1  49.0  59.2   13:53  39.7   06:39  16.0   0.0  0.00   2.6  13.0   12:07     E
 2  51.0  56.4   13:06  46.6   23:46  14.0   0.0  0.00   1.4  10.0   11:35   ENE
 3  51.4  60.5   13:43  45.5   06:32  13.6   0.0  0.00   1.5   9.0   03:10    NE
 4  54.1  57.3   14:04  48.5   03:40  10.9   0.0  0.52   0.8   6.0   02:14    NE
 5  56.5  62.1   13:39  52.3   20:17   8.5   0.0  0.29   2.0  15.0   15:30   WSW
 6  55.0  66.2   13:45  46.0   07:01  10.0   0.1  0.00   3.1  15.0   14:53   ENE
 7  56.0  64.5   14:25  47.3   05:36   9.0   0.0  0.44   3.1  14.0   03:42   ENE
 8  61.1  73.9   11:18  53.8   06:46   5.3   1.4  0.00   2.5  10.0   04:03    NE
 9  56.1  60.8   14:33  53.0   21:48   8.8   0.0  0.58   2.1  17.0   02:16   WSW
10  56.4  62.8   12:51  51.8   06:58   8.6   0.0  0.00   2.8  18.0   14:21   WSW
11  58.1  64.3   14:01  53.9   22:25   6.9   0.0  0.33   3.8  15.0   04:07   WSW
12  52.5  56.5   14:08  47.0   23:54  12.5   0.0  0.51   1.1   8.0   07:36   NNE
13  52.9  63.3   13:33  42.9   05:02  12.0   0.0  0.01   4.0  20.0   14:51   ENE
14  56.0  72.5   13:39  44.7   06:56  10.2   1.1  0.00   1.6  15.0   10:18     N
15  52.9  66.8   12:46  41.4   05:54  12.2   0.1  0.00   1.9  13.0   11:22    NE
16  53.8  65.9   12:45  46.2   07:22  10.9   0.0  0.00   2.4  12.0   13:06   SSW
17  55.2  68.1   11:16  44.0   04:50  10.1   0.3  0.00   2.9  17.0   14:12     E
18  50.9  59.3   10:19  41.1   07:10  14.1   0.0  0.15   2.9  12.0   12:39    NE
19  55.3  62.7   12:57  50.2   07:41   9.7   0.0  0.87   3.3  20.0   12:28   WSW
20  52.9  60.1   14:15  49.7   06:57  12.0   0.0  0.86   4.2  26.0   14:52   WSW
21  52.2  61.4   13:05  41.8   06:32  12.8   0.0  0.00   2.7  14.0   12:50     W
22  51.3  55.5   21:24  48.9   05:07  13.7   0.0  2.23   4.8  20.0   21:55    NE
23  48.9  56.2   14:07  40.6   23:59  16.1   0.0  0.30   2.4  22.0   08:28     W
24  46.6  57.3   12:43  39.1   03:49  18.4   0.0  0.00   3.0  12.0   14:15   ENE
25  47.3  60.3   13:15  37.6   07:10  17.7   0.0  0.00   3.3  13.0   15:09    NE
26  50.8  65.4   12:54  37.6   06:37  14.2   0.0  0.00   4.2  15.0   10:19   ENE
27  56.4  63.9   15:09  49.4   07:00   8.6   0.0  0.00   9.5  31.0   09:37   ENE
28  63.6  74.2   14:19  55.4   02:08   3.4   2.0  0.00   9.2  27.0   05:34   ENE
29  69.1  79.4   13:47  60.6   03:00   0.7   4.8  0.00   8.8  29.0   09:28   ENE
30  65.8  80.8   12:19  51.7   23:54   2.9   3.7  0.00   4.2  17.0   02:12     E
31  57.8  73.7   12:41  46.9   07:00   8.7   1.5  0.00   3.5  12.0   14:53    NE
----------------------------------------------------------------------------------
    54.7  80.8    30    37.6    25   332.5  15.0  7.09   3.4  31.0    27     ENE

Max >=  85.0:  0
Max <=  65.0: 20
Min <=  60.0: 30
Min <=  40.0:  4
Max Rain: 2.23 on day 22
Days of Rain: 12 (>= 0.01 in)  11 (>= 0.10 in)  6 (>= 0.50 in)
Heat Base: 65.0  Cool Base: 65.0  Method: Integration