NOAA-Style Climate Reports

Select a Year or Month report
2018: Jan Feb Mar Apr May Jun Jul Aug Sep Oct Nov Dec
2017: Jan Feb Mar Apr May Jun Jul Aug Sep Oct Nov Dec
2016: Jan Feb Mar Apr May Jun Jul Aug Sep Oct Nov Dec
2015: Jan Feb Mar Apr May Jun Jul Aug Sep Oct Nov Dec
2014: Jan Feb Mar Apr May Jun Jul Aug Sep Oct Nov Dec

Report for 2016 August
                   Monthly Climatological Summary for Aug 2016

Name: KCACAMAR4   City: Camarillo   State: California USA
Elevation: 174 ft  Lat: N 34° 13' 52"   Lon: W 119° 01' 48"

                  Temperature (°F), Rain (in), Wind Speed (mph)

                                      Heat  Cool        Avg
    Mean                              Deg   Deg         Wind                 Dom
Day Temp  High   Time   Low    Time   Days  Days  Rain  Speed High   Time    Dir
----------------------------------------------------------------------------------
 1  71.8  83.0   13:22  65.2   23:58   0.0   6.8  0.00   2.3  17.0   16:26   WSW
 2  70.4  82.9   12:50  64.4   04:28   0.0   5.5  0.00   2.1  16.0   14:21   WSW
 3  70.1  82.2   11:31  62.2   02:55   0.6   5.7  0.00   2.4  16.0   13:07   WSW
 4  69.9  81.9   12:34  63.5   23:57   0.1   5.0  0.00   2.3  16.0   12:34   WSW
 5  68.5  81.6   13:14  59.1   05:18   1.4   4.9  0.00   2.3  16.0   16:32   WSW
 6  68.7  80.4   14:26  62.0   23:58   0.9   4.5  0.00   2.4  15.0   11:47   WSW
 7  67.7  80.8   12:47  58.6   03:42   1.6   4.4  0.00   2.0  17.0   13:30   WSW
 8  68.7  81.8   13:38  58.3   04:00   1.4   4.9  0.00   2.4  16.0   12:17   WSW
 9  70.2  81.2   13:33  64.7   23:22   0.0   5.2  0.00   1.8  16.0   14:41   WSW
10  69.0  82.2   13:56  60.5   03:33   0.9   4.9  0.00   2.2  16.0   14:35   WSW
11  69.5  81.8   14:05  59.8   06:18   0.8   5.3  0.00   2.7  16.0   12:07   WSW
12  70.0  81.1   14:08  64.9   23:59   0.0   5.0  0.00   1.8  14.0   12:36   WSW
13  70.2  83.2   13:13  60.7   05:56   0.8   5.9  0.00   1.8  13.0   14:11   WSW
14  71.2  84.1   14:27  60.8   06:07   0.7   6.9  0.00   2.0  14.0   14:16   WSW
15  70.4  85.9   13:50  60.0   03:24   1.3   6.7  0.00   1.9  13.0   12:43   WSW
16  68.3  83.6   13:25  59.6   06:11   1.8   5.1  0.00   1.9  14.0   15:18   WSW
17  67.6  81.8   14:36  58.5   03:41   2.3   4.8  0.00   2.0  14.0   13:05   WSW
18  67.1  79.9   13:14  59.9   06:59   1.8   3.9  0.00   1.9  14.0   13:11   WSW
19  67.5  81.1   15:00  59.4   06:04   1.8   4.3  0.00   2.2  14.0   15:30   WSW
20  65.8  77.8   12:52  57.3   04:25   2.3   3.2  0.00   1.7  14.0   13:35   WSW
21  67.9  82.2   14:41  57.4   05:25   2.1   5.1  0.00   2.2  16.0   15:50   WSW
22  68.7  82.6   14:54  58.8   06:49   1.5   5.3  0.00   2.2  16.0   14:16   WSW
23  68.4  81.5   13:39  58.0   06:28   1.8   5.2  0.00   2.1  15.0   12:57   WSW
24  68.0  81.7   12:21  58.1   05:54   1.8   4.8  0.00   2.0  15.0   13:06   WSW
25  66.2  78.0   12:07  57.3   06:07   2.3   3.5  0.00   2.1  15.0   12:31   WSW
26  67.6  76.6   11:19  61.5   07:06   0.9   3.5  0.00   2.4  15.0   13:14   WSW
27  67.9  79.1   14:04  61.6   23:56   0.4   3.4  0.00   1.9  15.0   16:31   WSW
28  68.6  82.5   13:26  58.3   06:55   1.9   5.5  0.00   2.2  14.0   13:47   WSW
29  70.9  85.3   13:33  57.7   06:18   1.5   7.3  0.00   1.9  13.0   13:34   WSW
30  73.0  87.6   14:47  61.6   06:42   0.6   8.6  0.00   2.1  14.0   15:19   WSW
31  71.1  85.3   13:56  62.3   05:11   0.4   6.5  0.00   2.4  13.0   13:31   WSW
----------------------------------------------------------------------------------
    69.1  87.6    30    57.3    20    35.7 161.6  0.00   2.1  17.0     1     WSW

Max >=  85.0:  4
Max <=  65.0:  0
Min <=  60.0: 17
Min <=  40.0:  0
Max Rain: 0.00 on day 0
Days of Rain: 0 (>= 0.01 in)  0 (>= 0.10 in)  0 (>= 0.50 in)
Heat Base: 65.0  Cool Base: 65.0  Method: Integration