NOAA-Style Climate Reports

Select a Year or Month report
2018: Jan Feb Mar Apr May Jun Jul Aug Sep Oct Nov Dec
2017: Jan Feb Mar Apr May Jun Jul Aug Sep Oct Nov Dec
2016: Jan Feb Mar Apr May Jun Jul Aug Sep Oct Nov Dec
2015: Jan Feb Mar Apr May Jun Jul Aug Sep Oct Nov Dec
2014: Jan Feb Mar Apr May Jun Jul Aug Sep Oct Nov Dec

Report for 2015 December
                   Monthly Climatological Summary for Dec 2015

Name: KCACAMAR4   City: Camarillo   State: California USA
Elevation: 174 ft  Lat: N 34° 13' 52"   Lon: W 119° 01' 48"

                  Temperature (°F), Rain (in), Wind Speed (mph)

                                      Heat  Cool        Avg
    Mean                              Deg   Deg         Wind                 Dom
Day Temp  High   Time   Low    Time   Days  Days  Rain  Speed High   Time    Dir
----------------------------------------------------------------------------------
 1  56.5  76.1   12:39  41.7   07:06  10.8   2.3  0.00   3.7  19.0   15:16   ENE
 2  60.0  81.7   12:49  45.8   06:36   7.7   2.8  0.00   2.3  12.0   10:29   ENE
 3  60.2  76.1   12:45  52.4   23:57   6.3   1.5  0.00   2.3  16.0   14:43    NE
 4  56.4  69.1   14:01  49.4   23:58   9.0   0.4  0.00   2.5  10.0   00:36    NE
 5  60.0  76.5   11:09  40.7   07:05   7.4   2.6  0.00   3.4  21.0   14:19   ENE
 6  62.4  77.9   12:23  51.9   06:25   5.3   2.7  0.00   2.8  12.0   20:30    NE
 7  62.7  79.9   12:43  51.1   06:59   5.5   3.2  0.00   2.6  13.0   13:19    NE
 8  64.5  84.5   11:15  52.8   06:14   4.5   3.9  0.00   2.1  11.0   12:43    NE
 9  59.8  74.4   13:30  50.1   05:45   7.0   1.8  0.00   2.0  10.0   13:05   ENE
10  58.5  68.0   13:44  48.8   03:31   6.5   0.1  0.00   3.5  17.0   17:06     W
11  56.0  65.0   11:39  45.1   22:55   9.0   0.0  0.00   3.3  23.0   12:07     W
12  52.5  69.0   13:28  37.8   06:03  12.8   0.3  0.00   2.3  11.0   17:12    NE
13  53.2  65.8   13:11  43.1   03:35  11.8   0.0  0.14   3.9  19.0   15:31     W
14  48.7  60.7   12:41  37.6   23:20  16.3   0.0  0.00   2.2  15.0   11:41   NNW
15  47.6  63.4   14:15  34.2   03:31  17.2   0.0  0.00   2.8  16.0   10:39   ENE
16  50.3  64.6   12:47  39.6   04:50  14.6   0.0  0.00   2.9  13.0   13:15    NE
17  50.7  66.2   13:14  38.2   06:18  14.3   0.0  0.00   3.3  12.0   00:17    NE
18  54.6  72.9   12:04  44.1   06:14  11.4   1.0  0.00   3.5  12.0   09:55   ENE
19  50.1  63.6   12:00  41.4   03:36  14.4   0.0  0.18   1.6  11.0   11:30    NE
20  48.9  59.9   14:25  40.7   07:14  16.0   0.0  0.01   2.3  11.0   08:26   ENE
21  52.9  63.1   13:19  41.8   07:12  12.1   0.0  0.09   3.2  13.0   14:28     N
22  60.0  66.9   12:43  52.3   23:49   5.2   0.1  0.03   4.7  31.0   14:01     W
23  54.4  67.1   12:55  43.4   23:58  10.7   0.1  0.01   2.1  12.0   17:33    NE
24  50.4  61.5   13:40  39.9   06:00  14.6   0.0  0.00   3.6  20.0   15:03   WNW
25  49.0  60.5   14:31  38.6   07:17  16.0   0.0  0.00   2.1  18.0   14:39   WNW
26  49.6  63.1   13:54  36.8   07:11  15.4   0.0  0.00   4.2  23.0   12:02   ENE
27  52.1  63.3   14:23  40.4   23:58  12.8   0.0  0.00   5.0  22.0   05:11   ENE
28  45.9  58.7   13:32  36.0   06:53  19.1   0.0  0.00   2.9  15.0   13:56    NE
29  47.2  63.3   11:47  35.8   05:38  17.7   0.0  0.00   3.5  17.0   10:23    NE
30  48.1  62.9   12:30  38.2   06:15  16.9   0.0  0.00   3.4  11.0   02:38    NE
31  54.4  64.2   13:03  40.7   01:32  10.5   0.0  0.00   7.3  30.0   10:58   ENE
----------------------------------------------------------------------------------
    54.1  84.5     8    34.2    15   358.8  22.8  0.46   3.1  31.0    22      NE

Max >=  85.0:  0
Max <=  65.0: 15
Min <=  60.0: 31
Min <=  40.0: 11
Max Rain: 0.18 on day 19
Days of Rain: 6 (>= 0.01 in)  2 (>= 0.10 in)  0 (>= 0.50 in)
Heat Base: 65.0  Cool Base: 65.0  Method: Integration