NOAA-Style Climate Reports

Select a Year or Month report
2018: Jan Feb Mar Apr May Jun Jul Aug Sep Oct Nov Dec
2017: Jan Feb Mar Apr May Jun Jul Aug Sep Oct Nov Dec
2016: Jan Feb Mar Apr May Jun Jul Aug Sep Oct Nov Dec
2015: Jan Feb Mar Apr May Jun Jul Aug Sep Oct Nov Dec
2014: Jan Feb Mar Apr May Jun Jul Aug Sep Oct Nov Dec

Report for 2015 January
                   Monthly Climatological Summary for Jan 2015

Name: KCACAMAR4   City: Camarillo   State: California USA
Elevation: 174 ft  Lat: N 34° 13' 52"   Lon: W 119° 01' 48"

                  Temperature (°F), Rain (in), Wind Speed (mph)

                                      Heat  Cool        Avg
    Mean                              Deg   Deg         Wind                 Dom
Day Temp  High   Time   Low    Time   Days  Days  Rain  Speed High   Time    Dir
----------------------------------------------------------------------------------
 1  45.5  59.7   13:08  35.8   04:42  19.5   0.0  0.00   3.9  11.0   00:19    NE
 2  46.4  60.8   13:27  35.2   05:03  18.6   0.0  0.00   3.6  11.0   03:49    NE
 3  48.9  61.9   13:57  38.8   07:31  16.1   0.0  0.00   3.7  12.0   07:52    NE
 4  52.4  67.4   13:15  40.4   07:23  12.7   0.1  0.00   3.4  16.0   22:20   ENE
 5  67.6  81.2   12:20  55.9   01:48   2.4   5.0  0.00   5.8  24.0   13:47   ENE
 6  69.9  84.7   12:28  57.6   01:54   1.6   6.6  0.00   4.9  19.0   14:01   ENE
 7  65.8  85.6   11:47  52.1   06:12   3.4   4.2  0.00   3.0  14.0   09:50   ENE
 8  58.6  72.4   13:48  49.4   04:10   7.6   1.2  0.00   2.1  12.0   12:49   NNW
 9  59.0  73.1   13:01  52.6   23:27   7.0   1.0  0.00   2.6  14.0   13:44   ENE
10  55.2  58.8   12:54  51.8   06:47   9.8   0.0  1.17   2.6  13.0   15:07   ENE
11  57.6  65.8   11:47  50.1   23:28   7.4   0.0  0.62   2.2  15.0   11:13   ENE
12  55.1  65.9   14:21  47.5   07:12   9.9   0.0  0.01   2.3  10.0   14:56    NE
13  57.1  72.2   13:55  45.3   07:19   9.2   1.3  0.00   3.9  22.0   13:26   ENE
14  58.3  75.6   14:21  44.6   03:56   8.6   1.9  0.00   3.5  23.0   10:44   ENE
15  57.7  76.1   14:10  43.2   04:04   9.7   2.4  0.00   3.4  20.0   10:58   ENE
16  58.2  75.7   12:45  44.7   07:08   8.6   1.9  0.00   3.0  12.0   22:52    NE
17  59.9  79.8   12:21  48.3   06:09   7.4   2.3  0.00   3.9  19.0   09:45   ENE
18  58.0  69.9   11:42  50.0   03:24   7.9   0.9  0.00   2.6  10.0   07:39   ENE
19  55.7  70.6   13:14  46.5   06:57   9.7   0.4  0.00   2.5  10.0   13:43   ENE
20  54.2  63.9   14:15  47.2   06:26  10.8   0.0  0.00   1.8  10.0   13:58   ENE
21  61.4  77.0   14:29  50.4   07:55   6.5   2.9  0.00   4.3  21.0   11:23   ENE
22  64.7  76.9   11:44  54.9   23:15   3.1   2.8  0.00   4.9  20.0   02:49   ENE
23  62.5  77.8   13:20  46.8   05:57   5.9   3.3  0.00   4.6  24.0   10:17   ENE
24  66.7  79.0   14:06  47.7   05:39   3.7   5.4  0.00   9.1  34.0   08:53    NE
25  71.2  84.2   13:22  59.0   20:26   1.0   7.2  0.00   6.6  28.0   11:59   ENE
26  64.8  80.9   12:57  56.1   23:56   3.4   3.2  0.11   2.8  15.0   15:27   ENE
27  60.3  73.5   13:37  53.2   23:49   5.8   1.2  0.04   2.7  13.0   14:12    NE
28  63.6  73.5   12:18  52.5   01:05   3.6   2.1  0.00   4.0  20.0   12:16   ENE
29  67.5  78.2   13:45  60.2   23:10   0.8   3.3  0.00   3.7  19.0   12:32   ENE
30  61.8  71.2   12:01  53.6   23:58   3.9   0.7  0.00   2.0  11.0   15:41   WNW
31  58.0  72.0   13:04  48.4   06:49   7.9   1.0  0.00   2.9  13.0   12:44   ENE
----------------------------------------------------------------------------------
    59.5  85.6     7    35.2     2   233.5  62.3  1.95   3.6  34.0    24     ENE

Max >=  85.0:  1
Max <=  65.0:  5
Min <=  60.0: 30
Min <=  40.0:  3
Max Rain: 1.17 on day 10
Days of Rain: 5 (>= 0.01 in)  3 (>= 0.10 in)  2 (>= 0.50 in)
Heat Base: 65.0  Cool Base: 65.0  Method: Integration