NOAA-Style Climate Reports

Select a Year or Month report
2018: Jan Feb Mar Apr May Jun Jul Aug Sep Oct Nov Dec
2017: Jan Feb Mar Apr May Jun Jul Aug Sep Oct Nov Dec
2016: Jan Feb Mar Apr May Jun Jul Aug Sep Oct Nov Dec
2015: Jan Feb Mar Apr May Jun Jul Aug Sep Oct Nov Dec
2014: Jan Feb Mar Apr May Jun Jul Aug Sep Oct Nov Dec

Report for 2014 December
                   Monthly Climatological Summary for Dec 2014

Name: KCACAMAR4   City: Camarillo   State: California USA
Elevation: 174 ft  Lat: N 34° 13' 52"   Lon: W 119° 01' 48"

                  Temperature (°F), Rain (in), Wind Speed (mph)

                                      Heat  Cool        Avg
    Mean                              Deg   Deg         Wind                 Dom
Day Temp  High   Time   Low    Time   Days  Days  Rain  Speed High   Time    Dir
----------------------------------------------------------------------------------
 1  60.8  68.3   13:12  56.2   01:43   4.6   0.4  0.00   2.3  10.0   06:13    NE
 2  59.1  63.6   05:02  56.8   09:55   5.9   0.0  1.32   4.5  18.0   08:34   ENE
 3  62.3  66.6   11:54  58.9   00:00   2.8   0.1  0.16   2.1  10.0   00:09    NE
 4  61.2  70.5   14:02  55.3   03:45   4.6   0.8  0.00   1.4  14.0   14:56    SW
 5  59.5  67.2   13:24  54.4   06:25   5.7   0.2  0.00   1.9   9.0   07:37    NE
 6  60.3  73.0   13:04  52.1   07:09   6.1   1.4  0.00   2.6  10.0   05:48    NE
 7  60.8  78.1   12:25  50.0   04:35   6.0   1.8  0.01   2.3  12.0   14:04   ENE
 8  60.1  80.9   12:06  50.5   05:30   5.9   1.9  0.00   2.6  14.0   12:28    NE
 9  62.0  78.6   12:22  51.9   03:03   5.5   2.4  0.00   2.3  11.0   12:37    NE
10  58.6  69.7   13:39  48.0   07:23   7.1   0.7  0.00   1.8  12.0   13:57     E
11  60.1  67.0   13:24  52.7   04:10   5.1   0.2  0.02   3.1  17.0   23:27     E
12  56.4  63.6   14:17  47.9   23:36   8.7   0.0  1.98   3.5  28.0   00:43   WSW
13  53.2  65.3   13:59  45.2   05:51  11.8   0.0  0.01   2.6  10.0   06:37    NE
14  53.3  65.8   11:50  45.2   05:53  11.5   0.0  0.00   3.4  11.0   06:03    NE
15  55.1  66.9   13:13  45.6   05:10   9.9   0.0  0.02   2.5  14.0   13:05   ENE
16  56.9  63.3   14:07  52.8   04:26   8.1   0.0  0.12   2.8  15.0   10:40   ENE
17  54.4  63.6   12:00  46.6   06:27  10.6   0.0  0.27   2.0  14.0   13:15    NE
18  53.1  62.5   15:24  47.9   05:24  11.9   0.0  0.01   2.8   9.0   01:28   ENE
19  54.0  64.1   11:04  45.0   06:07  11.0   0.0  0.00   2.5  11.0   07:09    NE
20  55.6  65.3   13:11  48.9   03:00   9.4   0.0  0.00   3.1  11.0   06:43   ENE
21  57.0  67.9   14:37  49.4   05:47   8.1   0.2  0.00   1.9  10.0   00:02   ENE
22  60.5  75.8   13:16  47.2   06:43   6.6   2.2  0.00   2.4  12.0   21:12   ENE
23  71.7  83.7   13:07  61.6   23:22   0.5   7.2  0.00   6.0  26.0   09:27   ENE
24  61.2  75.1   11:43  52.0   23:59   5.3   1.5  0.00   2.8  13.0   13:59   ENE
25  52.6  64.6   13:20  42.0   23:31  12.4   0.0  0.00   2.6  16.0   10:49   ENE
26  51.0  63.4   13:22  40.9   01:23  14.0   0.0  0.00   5.0  24.0   11:53   ENE
27  52.4  63.3   14:00  40.2   23:46  12.6   0.0  0.00   6.8  30.0   10:13   ENE
28  48.9  64.0   12:02  39.4   05:04  16.1   0.0  0.00   3.6  11.0   03:02   ENE
29  49.5  62.9   13:01  39.0   06:59  15.5   0.0  0.00   3.5  12.0   06:45    NE
30  51.6  63.8   13:34  42.9   06:19  13.4   0.0  0.00   5.1  33.0   18:39    NE
31  47.4  57.9   13:44  37.7   23:32  17.6   0.0  0.00   4.6  23.0   00:50    NE
----------------------------------------------------------------------------------
    56.8  83.7    23    37.7    31   274.3  21.0  3.92   3.1  33.0    30     ENE

Max >=  85.0:  0
Max <=  65.0: 13
Min <=  60.0: 30
Min <=  40.0:  3
Max Rain: 1.98 on day 12
Days of Rain: 10 (>= 0.01 in)  5 (>= 0.10 in)  2 (>= 0.50 in)
Heat Base: 65.0  Cool Base: 65.0  Method: Integration