NOAA-Style Climate Reports

Select a Year or Month report
2018: Jan Feb Mar Apr May Jun Jul Aug Sep Oct Nov Dec
2017: Jan Feb Mar Apr May Jun Jul Aug Sep Oct Nov Dec
2016: Jan Feb Mar Apr May Jun Jul Aug Sep Oct Nov Dec
2015: Jan Feb Mar Apr May Jun Jul Aug Sep Oct Nov Dec
2014: Jan Feb Mar Apr May Jun Jul Aug Sep Oct Nov Dec

Report for 2014 May
                   Monthly Climatological Summary for May 2014

Name: KCACAMAR4   City: Camarillo   State: California USA
Elevation: 174 ft  Lat: N 34° 13' 52"   Lon: W 119° 01' 48"

                  Temperature (°F), Rain (in), Wind Speed (mph)

                                      Heat  Cool        Avg
    Mean                              Deg   Deg         Wind                 Dom
Day Temp  High   Time   Low    Time   Days  Days  Rain  Speed High   Time    Dir
----------------------------------------------------------------------------------
 1  76.1  96.4   15:33  55.0   03:39   1.4  12.6  0.00   4.4  21.5   10:25    NE
 2  67.7  85.3   18:14  59.4   05:56   0.7   2.4  0.00   2.1   9.2   00:01    NE
 3  68.6  86.2   14:22  54.0   06:09   2.5   6.1  0.00   1.7   7.2   14:53   SSW
 4  64.0  77.2   14:44  50.5   06:32   4.6   3.6  0.00   1.9  11.0   15:01   SSW
 5  60.7  73.6   15:10  49.3   05:58   6.0   1.7  0.00   2.5   9.4   14:32   SSW
 6  60.1  68.4   15:08  52.2   06:22   5.5   0.6  0.00   2.8  12.5   14:28    SW
 7  58.4  69.8   16:04  47.5   06:07   7.4   0.8  0.00   2.4  10.5   14:05     S
 9  59.9  73.0   16:10  48.7   05:49   6.4   1.5  0.00   2.1   8.7   12:48   SSE
10  62.7  75.7   14:24  52.2   04:37   4.8   2.5  0.00   2.2  11.4   15:43     S
11  65.2  78.7   15:02  52.0   04:23   4.3   4.6  0.00   3.3  19.0   13:45     W
12  72.4  91.9   13:32  52.2   05:14   2.4   9.8  0.00   5.3  21.0   11:13    NE
13  77.5  94.6   15:20  57.3   06:16   0.8  13.3  0.00   7.2  30.0   09:57    NE
14  81.4  99.9   15:17  62.1   02:53   0.0  16.4  0.00   7.2  31.0   11:46    NE
15  81.7  98.8   10:49  65.8   00:51   0.0  16.7  0.00   4.2  16.0   13:44   NNW
16  75.0  91.8   14:36  62.5   23:56   0.2  10.1  0.00   3.1  15.0   14:21    SW
17  66.1  79.6   12:04  54.6   06:11   3.0   4.1  0.00   2.7  16.0   13:08    SW
18  63.3  75.5   15:03  54.1   05:56   4.1   2.4  0.00   3.1  16.0   11:51    SW
19  62.2  73.0   13:54  53.2   05:29   4.6   1.8  0.00   3.4  19.0   16:17    SW
20  60.4  71.2   13:40  50.6   05:20   5.6   1.0  0.00   4.0  22.0   14:58   WSW
21  61.3  72.4   13:53  50.9   05:33   5.2   1.5  0.00   3.4  20.0   14:54   WSW
22  61.4  68.8   12:42  52.5   05:20   4.1   0.5  0.01   2.4  14.0   11:45   WSW
23  61.9  71.7   14:44  53.0   05:41   4.5   1.4  0.00   3.4  16.0   12:52   WSW
24  62.5  69.7   15:01  57.0   04:41   3.1   0.6  0.00   1.7  13.0   15:51   WSW
25  66.0  75.1   14:27  59.2   23:56   1.7   2.7  0.00   2.7  14.0   13:16   WSW
26  65.4  77.7   15:25  56.0   03:50   3.0   3.4  0.00   2.5  14.0   12:42   WSW
27  65.6  77.4   14:22  59.3   02:31   2.4   3.0  0.00   2.6  15.0   13:54   WSW
28  65.7  76.8   13:47  58.8   01:20   2.4   3.1  0.00   2.5  15.0   13:25   WSW
29  66.7  76.6   13:39  59.2   23:56   1.6   3.3  0.00   2.9  16.0   12:18     W
30  65.6  78.3   13:59  53.8   05:45   3.2   3.9  0.00   2.8  16.0   14:13   WSW
31  64.9  77.3   13:18  53.0   05:59   3.9   3.8  0.00   2.8  18.0   14:10   WSW
----------------------------------------------------------------------------------
    66.3  99.9    14    47.5     7    99.4 139.2  0.01   3.2  31.0    14     WSW

Max >=  85.0:  8
Max <=  65.0:  0
Min <=  60.0: 27
Min <=  40.0:  0
Max Rain: 0.01 on day 22
Days of Rain: 1 (>= 0.01 in)  0 (>= 0.10 in)  0 (>= 0.50 in)
Heat Base: 65.0  Cool Base: 65.0  Method: Integration