NOAA-Style Climate Reports

Select a Year or Month report
2018: Jan Feb Mar Apr May Jun Jul Aug Sep Oct Nov Dec
2017: Jan Feb Mar Apr May Jun Jul Aug Sep Oct Nov Dec
2016: Jan Feb Mar Apr May Jun Jul Aug Sep Oct Nov Dec
2015: Jan Feb Mar Apr May Jun Jul Aug Sep Oct Nov Dec
2014: Jan Feb Mar Apr May Jun Jul Aug Sep Oct Nov Dec

Report for 2014 January
                   Monthly Climatological Summary for Jan 2014

Name: KACAMAR4   City: Camarillo   State: CA
Elevation: 57 m  Lat: N 34° 13' 52"   Lon: W 119° 01' 48"

                  Temperature (°F), Rain (in), Wind Speed (mph)

                                      Heat  Cool        Avg
    Mean                              Deg   Deg         Wind                 Dom
Day Temp  High   Time   Low    Time   Days  Days  Rain  Speed High   Time    Dir
----------------------------------------------------------------------------------
13  69.6  76.1   14:27  62.6   23:19   0.1   1.9  0.00   4.2  14.8   14:48    NE
14  73.8  82.6   13:45  65.5   01:33   0.0   8.8  0.00   5.9  15.4   12:18    NE
15  76.5  84.2   14:13  69.3   23:26   0.0   7.1  0.00   5.2  17.2   14:45    NE
16  72.7  82.4   15:59  67.5   00:47   0.0   3.6  0.00   2.6  14.1   16:11    NE
17  70.5  85.6   13:41  52.9   23:53   1.4   6.9  0.00   2.6  11.2   09:50    NE
18  63.3  81.0   12:15  52.2   00:23   5.4   3.8  0.00   1.8   6.9   10:00   ENE
19  59.3  76.8   13:06  47.1   06:59   7.6   1.8  0.00   1.0   4.9   11:24   ESE
20  58.0  77.2   12:24  47.1   07:22   9.0   2.0  0.00   1.5   6.5   14:14    NE
21  63.1  80.2   11:48  48.2   03:11   5.3   3.4  0.00   1.5   9.8   11:36    NE
22  61.2  74.5   12:08  48.9   23:57   5.6   1.8  0.00   1.3   7.6   13:34    SE
23  58.6  78.1   13:10  43.2   05:29   9.2   2.8  0.00   2.5  13.4   14:02    NE
24  66.7  75.4   13:19  60.1   23:57   0.6   2.3  0.00   3.2  12.1   00:51    NE
25  63.7  75.2   11:10  52.9   23:57   3.7   2.4  0.00   1.2   6.9   14:12   SSW
26  57.8  66.9   11:23  51.4   03:25   7.3   0.1  0.00   1.3   6.5   11:54    NE
27  57.2  69.4   12:50  47.8   05:41   8.3   0.6  0.00   1.5   5.4   14:01   ENE
28  56.4  68.2   14:51  46.0   03:53   9.1   0.5  0.00   1.4   6.5   04:01   ENE
29  58.2  69.8   13:41  49.6   06:44   7.5   0.6  0.00   1.1   4.7   12:55     S
30  56.3  60.6   12:42  52.2   06:14   8.7   0.0  0.02   1.1   4.5   15:04     S
31  55.2  66.4   13:31  45.9   23:56   9.9   0.0  0.00   0.9   5.4   14:38   ESE
----------------------------------------------------------------------------------
    63.1  85.6    17    43.2    23    98.7  50.4  0.02   2.1  17.2    15     ENE

Max >=  85.0:  1
Max <=  65.0:  1
Min <=  60.0: 14
Min <=  40.0:  0
Max Rain: 0.02 on day 30
Days of Rain: 1 (>= 0.01 in)  0 (>= 0.10 in)  0 (>= 0.50 in)
Heat Base: 65.0  Cool Base: 65.0  Method: Integration